CRAN Package Check Results for Package gjam

Last updated on 2022-01-26 05:54:17 CET.

Flavor Version Tinstall Tcheck Ttotal Status Flags
r-devel-linux-x86_64-debian-clang 2.5.1 51.17 120.86 172.03 OK
r-devel-linux-x86_64-debian-gcc 2.5.1 45.68 91.24 136.92 OK
r-devel-linux-x86_64-fedora-clang 2.5.1 241.06 OK
r-devel-linux-x86_64-fedora-gcc 2.5.1 222.00 OK
r-devel-windows-x86_64-new-UL 2.5.1 82.00 164.00 246.00 OK
r-devel-windows-x86_64-new-TK 2.5.1 OK
r-patched-linux-x86_64 2.5.1 56.35 117.92 174.27 OK
r-release-linux-x86_64 2.5.1 47.64 118.40 166.04 OK
r-release-macos-arm64 2.5.1 NOTE
r-release-macos-x86_64 2.5.1 OK
r-release-windows-ix86+x86_64 2.5.1 126.00 150.00 276.00 OK
r-oldrel-macos-x86_64 2.5.1 OK
r-oldrel-windows-ix86+x86_64 2.5.1 125.00 149.00 274.00 OK

Check Details

Version: 2.5.1
Check: installed package size
Result: NOTE
     installed size is 5.2Mb
     sub-directories of 1Mb or more:
     libs 3.8Mb
Flavor: r-release-macos-arm64