Last updated on 2023-02-02 06:03:29 CET.
Flavor | Version | Tinstall | Tcheck | Ttotal | Status | Flags |
---|---|---|---|---|---|---|
r-devel-linux-x86_64-debian-clang | 1.0.2 | 2.05 | 23.07 | 25.12 | NOTE | |
r-devel-linux-x86_64-debian-gcc | 1.0.2 | 1.56 | 17.72 | 19.28 | NOTE | |
r-devel-linux-x86_64-fedora-clang | 1.0.2 | 32.14 | NOTE | |||
r-devel-linux-x86_64-fedora-gcc | 1.0.2 | 41.16 | NOTE | |||
r-devel-windows-x86_64 | 1.0.2 | 9.00 | 54.00 | 63.00 | NOTE | |
r-patched-linux-x86_64 | 1.0.2 | 2.12 | 23.12 | 25.24 | OK | |
r-release-linux-x86_64 | 1.0.2 | 2.07 | 23.42 | 25.49 | OK | |
r-release-macos-arm64 | 1.0.2 | 17.00 | OK | |||
r-release-macos-x86_64 | 1.0.2 | 22.00 | OK | |||
r-release-windows-x86_64 | 1.0.2 | 10.00 | 52.00 | 62.00 | OK | |
r-oldrel-macos-arm64 | 1.0.2 | 19.00 | OK | |||
r-oldrel-macos-x86_64 | 1.0.2 | 22.00 | OK | |||
r-oldrel-windows-ix86+x86_64 | 1.0.2 | 6.00 | 46.00 | 52.00 | OK |
Version: 1.0.2
Check: package subdirectories
Result: NOTE
Problems with news in ‘NEWS.md’:
No news entries found.
Flavors: r-devel-linux-x86_64-debian-clang, r-devel-linux-x86_64-debian-gcc, r-devel-linux-x86_64-fedora-clang, r-devel-linux-x86_64-fedora-gcc, r-devel-windows-x86_64