Last updated on 2021-01-19 05:48:02 CET.
Flavor | Version | Tinstall | Tcheck | Ttotal | Status | Flags |
---|---|---|---|---|---|---|
r-devel-linux-x86_64-debian-clang | 0.0-60 | 272.54 | 126.21 | 398.75 | OK | |
r-devel-linux-x86_64-debian-gcc | 0.0-60 | 186.86 | 96.87 | 283.73 | OK | |
r-devel-linux-x86_64-fedora-clang | 0.0-60 | 551.32 | NOTE | |||
r-devel-linux-x86_64-fedora-gcc | 0.0-60 | 503.87 | OK | |||
r-devel-windows-ix86+x86_64 | 0.0-60 | 441.00 | 171.00 | 612.00 | OK | |
r-patched-linux-x86_64 | 0.0-60 | 167.93 | 118.20 | 286.13 | OK | |
r-patched-solaris-x86 | 0.0-60 | 500.00 | OK | |||
r-release-linux-x86_64 | 0.0-60 | 167.54 | 118.90 | 286.44 | OK | |
r-release-macos-x86_64 | 0.0-60 | ERROR | ||||
r-release-windows-ix86+x86_64 | 0.0-60 | 495.00 | 165.00 | 660.00 | OK | |
r-oldrel-macos-x86_64 | 0.0-60 | NOTE | ||||
r-oldrel-windows-ix86+x86_64 | 0.0-60 | 366.00 | 139.00 | 505.00 | OK |
Version: 0.0-60
Check: installed package size
Result: NOTE
installed size is 10.0Mb
sub-directories of 1Mb or more:
libs 9.2Mb
Flavors: r-devel-linux-x86_64-fedora-clang, r-oldrel-macos-x86_64
Version: 0.0-60
Check: whether package can be installed
Result: ERROR
Installation failed.
Flavor: r-release-macos-x86_64