CRAN Package Check Results for Package glmnetUtils

Last updated on 2022-09-26 05:55:43 CEST.

Flavor Version Tinstall Tcheck Ttotal Status Flags
r-devel-linux-x86_64-debian-clang 1.1.8 6.75 375.51 382.26 OK
r-devel-linux-x86_64-debian-gcc 1.1.8 6.67 273.47 280.14 OK
r-devel-linux-x86_64-fedora-clang 1.1.8 450.92 OK
r-devel-linux-x86_64-fedora-gcc 1.1.8 485.59 OK
r-devel-windows-x86_64 1.1.8 15.00 435.00 450.00 OK
r-patched-linux-x86_64 1.1.8 8.70 361.48 370.18 OK
r-release-linux-x86_64 1.1.8 7.32 355.64 362.96 OK
r-release-macos-arm64 1.1.8 132.00 OK
r-release-macos-x86_64 1.1.8 175.00 OK
r-release-windows-x86_64 1.1.8 17.00 422.00 439.00 OK
r-oldrel-macos-arm64 1.1.8 160.00 OK
r-oldrel-macos-x86_64 1.1.8 1803.00 OK
r-oldrel-windows-ix86+x86_64 1.1.8 20.00 376.00 396.00 WARN

Check Details

Version: 1.1.8
Check: re-building of vignette outputs
Result: WARN
    Error(s) in re-building vignettes:
    --- re-building 'intro.rmd' using rmarkdown
    trying URL 'https://web.stanford.edu/~hastie/glmnet/glmnetData/Leukemia.RData'
    Quitting from lines 167-173 (intro.rmd)
    Error: processing vignette 'intro.rmd' failed with diagnostics:
    cannot open URL 'https://web.stanford.edu/~hastie/glmnet/glmnetData/Leukemia.RData'
    --- failed re-building 'intro.rmd'
    
    SUMMARY: processing the following file failed:
     'intro.rmd'
    
    Error: Vignette re-building failed.
    Execution halted
Flavor: r-oldrel-windows-ix86+x86_64