CRAN Package Check Results for Package glmtree

Last updated on 2022-01-20 05:50:23 CET.

Flavor Version Tinstall Tcheck Ttotal Status Flags
r-devel-linux-x86_64-debian-clang 0.2 NOTE
r-devel-linux-x86_64-debian-gcc 0.2 2.52 101.74 104.26 NOTE
r-devel-linux-x86_64-fedora-clang 0.2 173.41 NOTE
r-devel-linux-x86_64-fedora-gcc 0.2 149.73 NOTE
r-devel-windows-x86_64-new-UL 0.2 23.00 160.00 183.00 NOTE
r-devel-windows-x86_64-new-TK 0.2 NOTE
r-patched-linux-x86_64 0.2 2.25 133.89 136.14 NOTE
r-release-linux-x86_64 0.2 NOTE
r-release-macos-arm64 0.2 NOTE
r-release-macos-x86_64 0.2 NOTE
r-release-windows-ix86+x86_64 0.2 8.00 160.00 168.00 NOTE
r-oldrel-macos-x86_64 0.2 OK
r-oldrel-windows-ix86+x86_64 0.2 8.00 162.00 170.00 OK

Check Details

Version: 0.2
Check: LazyData
Result: NOTE
     'LazyData' is specified without a 'data' directory
Flavors: r-devel-linux-x86_64-debian-clang, r-devel-linux-x86_64-debian-gcc, r-devel-linux-x86_64-fedora-clang, r-devel-linux-x86_64-fedora-gcc, r-devel-windows-x86_64-new-UL, r-devel-windows-x86_64-new-TK, r-patched-linux-x86_64, r-release-linux-x86_64, r-release-macos-arm64, r-release-macos-x86_64, r-release-windows-ix86+x86_64