CRAN Package Check Results for Package glogis

Last updated on 2021-10-22 05:59:46 CEST.

Flavor Version Tinstall Tcheck Ttotal Status Flags
r-devel-linux-x86_64-debian-clang 1.0-1 2.92 31.83 34.75 OK
r-devel-linux-x86_64-debian-gcc 1.0-1 2.27 25.14 27.41 OK
r-devel-linux-x86_64-fedora-clang 1.0-1 53.35 NOTE
r-devel-linux-x86_64-fedora-gcc 1.0-1 42.33 OK
r-devel-windows-x86_64 1.0-1 5.00 52.00 57.00 OK
r-devel-windows-x86_64-gcc10-UCRT 1.0-1 OK
r-patched-linux-x86_64 1.0-1 3.40 30.86 34.26 OK
r-patched-solaris-x86 1.0-1 63.50 OK
r-release-linux-x86_64 1.0-1 2.89 30.85 33.74 OK
r-release-macos-arm64 1.0-1 OK
r-release-macos-x86_64 1.0-1 OK
r-release-windows-ix86+x86_64 1.0-1 5.00 57.00 62.00 OK
r-oldrel-macos-x86_64 1.0-1 OK
r-oldrel-windows-ix86+x86_64 1.0-1 8.00 51.00 59.00 OK

Check Details

Version: 1.0-1
Check: Rd cross-references
Result: NOTE
    Undeclared package ‘foreach’ in Rd xrefs
Flavor: r-devel-linux-x86_64-fedora-clang