CRAN Package Check Results for Package gmGeostats

Last updated on 2021-12-07 05:55:06 CET.

Flavor Version Tinstall Tcheck Ttotal Status Flags
r-devel-linux-x86_64-debian-clang 0.11.0 23.38 153.54 176.92 OK
r-devel-linux-x86_64-debian-gcc 0.11.0 19.37 115.65 135.02 OK
r-devel-linux-x86_64-fedora-clang 0.11.0 213.95 NOTE
r-devel-linux-x86_64-fedora-gcc 0.11.0 198.67 NOTE
r-devel-windows-x86_64-new-UL 0.11.0 55.00 206.00 261.00 OK
r-devel-windows-x86_64-new-TK 0.11.0 NOTE
r-devel-windows-x86_64-old 0.11.0 38.00 189.00 227.00 OK
r-patched-linux-x86_64 0.11.0 26.30 149.68 175.98 OK
r-release-linux-x86_64 0.11.0 19.66 149.37 169.03 OK
r-release-macos-arm64 0.11.0 NOTE
r-release-macos-x86_64 0.11.0 NOTE
r-release-windows-ix86+x86_64 0.11.0 31.00 229.00 260.00 OK
r-oldrel-macos-x86_64 0.11.0 NOTE
r-oldrel-windows-ix86+x86_64 0.11.0 43.00 227.00 270.00 OK

Check Details

Version: 0.11.0
Check: data for non-ASCII characters
Result: NOTE
     Note: found 2629 marked UTF-8 strings
Flavors: r-devel-linux-x86_64-fedora-clang, r-devel-linux-x86_64-fedora-gcc, r-devel-windows-x86_64-new-TK, r-release-macos-arm64, r-release-macos-x86_64, r-oldrel-macos-x86_64