Last updated on 2023-02-08 06:00:05 CET.
Flavor | Version | Tinstall | Tcheck | Ttotal | Status | Flags |
---|---|---|---|---|---|---|
r-devel-linux-x86_64-debian-clang | 0.7-8 | 2.68 | 31.64 | 34.32 | OK | |
r-devel-linux-x86_64-debian-gcc | 0.7-8 | 2.21 | 24.45 | 26.66 | OK | |
r-devel-linux-x86_64-fedora-clang | 0.7-8 | 43.22 | NOTE | |||
r-devel-linux-x86_64-fedora-gcc | 0.7-8 | 41.47 | OK | |||
r-devel-windows-x86_64 | 0.7-8 | 15.00 | 61.00 | 76.00 | OK | |
r-patched-linux-x86_64 | 0.7-8 | 2.80 | 31.56 | 34.36 | OK | |
r-release-linux-x86_64 | 0.7-8 | 3.16 | 30.57 | 33.73 | OK | |
r-release-macos-arm64 | 0.7-8 | 17.00 | OK | |||
r-release-macos-x86_64 | 0.7-8 | 25.00 | OK | |||
r-release-windows-x86_64 | 0.7-8 | 12.00 | 63.00 | 75.00 | OK | |
r-oldrel-macos-arm64 | 0.7-8 | 21.00 | OK | |||
r-oldrel-macos-x86_64 | 0.7-8 | 30.00 | OK | |||
r-oldrel-windows-ix86+x86_64 | 0.7-8 | 7.00 | 53.00 | 60.00 | OK |
Version: 0.7-8
Check: Rd cross-references
Result: NOTE
Undeclared package ‘gdata’ in Rd xrefs
Flavor: r-devel-linux-x86_64-fedora-clang