CRAN Package Check Results for Package goeveg

Last updated on 2021-09-27 05:51:24 CEST.

Flavor Version Tinstall Tcheck Ttotal Status Flags
r-devel-linux-x86_64-debian-clang 0.5.1 12.54 107.99 120.53 OK
r-devel-linux-x86_64-debian-gcc 0.5.1 9.25 79.72 88.97 OK
r-devel-linux-x86_64-fedora-clang 0.5.1 154.52 NOTE
r-devel-linux-x86_64-fedora-gcc 0.5.1 135.51 NOTE
r-devel-windows-x86_64 0.5.1 13.00 97.00 110.00 OK
r-devel-windows-x86_64-gcc10-UCRT 0.5.1 NOTE
r-patched-linux-x86_64 0.5.1 7.65 100.29 107.94 OK
r-patched-solaris-x86 0.5.1 195.10 NOTE
r-release-linux-x86_64 0.5.1 10.11 101.62 111.73 OK
r-release-macos-arm64 0.5.1 NOTE
r-release-macos-x86_64 0.5.1 NOTE
r-release-windows-ix86+x86_64 0.5.1 27.00 90.00 117.00 OK
r-oldrel-macos-x86_64 0.5.1 NOTE
r-oldrel-windows-ix86+x86_64 0.5.1 18.00 95.00 113.00 OK

Check Details

Version: 0.5.1
Check: dependencies in R code
Result: NOTE
    Namespace in Imports field not imported from: ‘Hmisc’
     All declared Imports should be used.
Flavors: r-devel-linux-x86_64-fedora-clang, r-devel-linux-x86_64-fedora-gcc, r-devel-windows-x86_64-gcc10-UCRT, r-patched-solaris-x86, r-release-macos-arm64, r-release-macos-x86_64, r-oldrel-macos-x86_64