CRAN Package Check Results for Package gofar

Last updated on 2022-08-17 05:58:27 CEST.

Flavor Version Tinstall Tcheck Ttotal Status Flags
r-devel-linux-x86_64-debian-clang 0.1 64.87 103.42 168.29 OK
r-devel-linux-x86_64-debian-gcc 0.1 OK
r-devel-linux-x86_64-fedora-clang 0.1 221.59 NOTE
r-devel-linux-x86_64-fedora-gcc 0.1 217.68 NOTE
r-devel-windows-x86_64 0.1 50.00 139.00 189.00 OK
r-patched-linux-x86_64 0.1 53.00 96.79 149.79 OK
r-release-linux-x86_64 0.1 51.29 97.95 149.24 OK
r-release-macos-arm64 0.1 58.00 NOTE
r-release-macos-x86_64 0.1 122.00 NOTE
r-release-windows-x86_64 0.1 50.00 144.00 194.00 OK
r-oldrel-macos-arm64 0.1 64.00 NOTE
r-oldrel-macos-x86_64 0.1 73.00 NOTE
r-oldrel-windows-ix86+x86_64 0.1 145.00 163.00 308.00 OK

Check Details

Version: 0.1
Check: dependencies in R code
Result: NOTE
    Namespace in Imports field not imported from: ‘Rcpp’
     All declared Imports should be used.
Flavors: r-devel-linux-x86_64-fedora-clang, r-devel-linux-x86_64-fedora-gcc, r-release-macos-arm64, r-release-macos-x86_64, r-oldrel-macos-arm64, r-oldrel-macos-x86_64

Version: 0.1
Check: installed package size
Result: NOTE
     installed size is 5.6Mb
     sub-directories of 1Mb or more:
     libs 5.3Mb
Flavors: r-release-macos-arm64, r-release-macos-x86_64, r-oldrel-macos-arm64, r-oldrel-macos-x86_64