CRAN Package Check Results for Package goffda

Last updated on 2021-01-19 05:48:02 CET.

Flavor Version Tinstall Tcheck Ttotal Status Flags
r-devel-linux-x86_64-debian-clang 0.0.7 46.12 118.67 164.79 OK
r-devel-linux-x86_64-debian-gcc 0.0.7 28.03 91.18 119.21 OK
r-devel-linux-x86_64-fedora-clang 0.0.7 214.97 NOTE
r-devel-linux-x86_64-fedora-gcc 0.0.7 201.30 NOTE
r-devel-windows-ix86+x86_64 0.0.7 71.00 194.00 265.00 OK
r-patched-linux-x86_64 0.0.7 25.58 109.81 135.39 OK
r-patched-solaris-x86 0.0.7 261.70 NOTE
r-release-linux-x86_64 0.0.7 24.98 110.85 135.83 OK
r-release-macos-x86_64 0.0.7 NOTE
r-release-windows-ix86+x86_64 0.0.7 75.00 194.00 269.00 OK
r-oldrel-macos-x86_64 0.0.7 NOTE
r-oldrel-windows-ix86+x86_64 0.0.7 66.00 154.00 220.00 OK

Check Details

Version: 0.0.7
Check: data for non-ASCII characters
Result: NOTE
     Note: found 1352 marked UTF-8 strings
Flavors: r-devel-linux-x86_64-fedora-clang, r-devel-linux-x86_64-fedora-gcc, r-patched-solaris-x86, r-release-macos-x86_64, r-oldrel-macos-x86_64