CRAN Package Check Results for Package gpboost

Last updated on 2021-06-14 05:50:33 CEST.

Flavor Version Tinstall Tcheck Ttotal Status Flags
r-devel-linux-x86_64-debian-clang 0.6.1 700.54 161.77 862.31 OK
r-devel-linux-x86_64-debian-gcc 0.6.1 548.65 196.38 745.03 OK
r-devel-linux-x86_64-fedora-clang 0.6.1 1368.46 NOTE
r-devel-linux-x86_64-fedora-gcc 0.6.1 1174.16 OK
r-devel-windows-x86_64 0.6.1 717.00 185.00 902.00 NOTE
r-devel-windows-x86_64-gcc10-UCRT 0.6.1 OK
r-patched-linux-x86_64 0.6.1 626.03 161.84 787.87 OK
r-patched-solaris-x86 0.6.1 980.50 NOTE
r-release-linux-x86_64 0.6.1 607.85 162.86 770.71 OK
r-release-macos-arm64 0.6.1 NOTE
r-release-macos-x86_64 0.6.1 NOTE
r-release-windows-ix86+x86_64 0.6.1 1133.00 273.00 1406.00 NOTE
r-oldrel-macos-x86_64 0.6.1 NOTE
r-oldrel-windows-ix86+x86_64 0.6.1 1052.00 280.00 1332.00 NOTE

Additional issues

rchk

Check Details

Version: 0.6.1
Check: installed package size
Result: NOTE
     installed size is 119.9Mb
     sub-directories of 1Mb or more:
     libs 119.1Mb
Flavors: r-devel-linux-x86_64-fedora-clang, r-devel-windows-x86_64, r-patched-solaris-x86, r-release-macos-arm64, r-release-macos-x86_64, r-release-windows-ix86+x86_64, r-oldrel-macos-x86_64, r-oldrel-windows-ix86+x86_64