CRAN Package Check Results for Package grabsampling

Last updated on 2023-01-28 05:56:23 CET.

Flavor Version Tinstall Tcheck Ttotal Status Flags
r-devel-linux-x86_64-debian-clang 1.0.0 2.89 35.99 38.88 NOTE
r-devel-linux-x86_64-debian-gcc 1.0.0 2.35 27.21 29.56 NOTE
r-devel-linux-x86_64-fedora-clang 1.0.0 48.36 NOTE
r-devel-linux-x86_64-fedora-gcc 1.0.0 46.75 NOTE
r-devel-windows-x86_64 1.0.0 13.00 61.00 74.00 NOTE
r-patched-linux-x86_64 1.0.0 2.27 34.73 37.00 NOTE
r-release-linux-x86_64 1.0.0 2.25 35.08 37.33 NOTE
r-release-macos-arm64 1.0.0 18.00 NOTE
r-release-macos-x86_64 1.0.0 38.00 NOTE
r-release-windows-x86_64 1.0.0 19.00 61.00 80.00 NOTE
r-oldrel-macos-arm64 1.0.0 25.00 NOTE
r-oldrel-macos-x86_64 1.0.0 32.00 NOTE
r-oldrel-windows-ix86+x86_64 1.0.0 8.00 59.00 67.00 NOTE

Check Details

Version: 1.0.0
Check: LazyData
Result: NOTE
     'LazyData' is specified without a 'data' directory
Flavors: r-devel-linux-x86_64-debian-clang, r-devel-linux-x86_64-debian-gcc, r-devel-linux-x86_64-fedora-clang, r-devel-linux-x86_64-fedora-gcc, r-devel-windows-x86_64, r-patched-linux-x86_64, r-release-linux-x86_64, r-release-macos-arm64, r-release-macos-x86_64, r-release-windows-x86_64, r-oldrel-macos-arm64, r-oldrel-macos-x86_64, r-oldrel-windows-ix86+x86_64