Last updated on 2023-02-07 05:55:34 CET.
Flavor | Version | Tinstall | Tcheck | Ttotal | Status | Flags |
---|---|---|---|---|---|---|
r-devel-linux-x86_64-debian-clang | 0.2.0 | 17.44 | 229.31 | 246.75 | OK | |
r-devel-linux-x86_64-debian-gcc | 0.2.0 | 12.89 | 162.68 | 175.57 | OK | |
r-devel-linux-x86_64-fedora-clang | 0.2.0 | 288.44 | NOTE | |||
r-devel-linux-x86_64-fedora-gcc | 0.2.0 | 293.01 | NOTE | |||
r-devel-windows-x86_64 | 0.2.0 | 85.00 | 279.00 | 364.00 | OK | |
r-patched-linux-x86_64 | 0.2.0 | 17.03 | 205.39 | 222.42 | OK | |
r-release-linux-x86_64 | 0.2.0 | 15.12 | 211.92 | 227.04 | OK | |
r-release-macos-arm64 | 0.2.0 | 134.00 | NOTE | |||
r-release-macos-x86_64 | 0.2.0 | 8.00 | ERROR | |||
r-release-windows-x86_64 | 0.2.0 | 96.00 | 278.00 | 374.00 | OK | |
r-oldrel-macos-arm64 | 0.2.0 | 101.00 | NOTE | |||
r-oldrel-macos-x86_64 | 0.2.0 | 118.00 | NOTE | |||
r-oldrel-windows-ix86+x86_64 | 0.2.0 | 32.00 | 405.00 | 437.00 | WARN |
Version: 0.2.0
Check: dependencies in R code
Result: NOTE
Namespace in Imports field not imported from: ‘lfc’
All declared Imports should be used.
Flavors: r-devel-linux-x86_64-fedora-clang, r-devel-linux-x86_64-fedora-gcc, r-release-macos-arm64, r-oldrel-macos-arm64, r-oldrel-macos-x86_64
Version: 0.2.0
Check: package dependencies
Result: NOTE
Package suggested but not available for checking: ‘monocle’
Flavors: r-release-macos-arm64, r-oldrel-macos-arm64
Version: 0.2.0
Check: Rd cross-references
Result: NOTE
Package unavailable to check Rd xrefs: ‘monocle’
Flavors: r-release-macos-arm64, r-oldrel-macos-arm64
Version: 0.2.0
Check: package dependencies
Result: ERROR
Package required but not available: ‘lfc’
See section ‘The DESCRIPTION file’ in the ‘Writing R Extensions’
manual.
Flavor: r-release-macos-x86_64
Version: 0.2.0
Check: re-building of vignette outputs
Result: WARN
Error(s) in re-building vignettes:
--- re-building 'getting-started.Rmd' using rmarkdown
Quitting from lines 27-34 (getting-started.Rmd)
Error: processing vignette 'getting-started.Rmd' failed with diagnostics:
File not found; If you want to access non-local files directly, please install the RCurl package!
--- failed re-building 'getting-started.Rmd'
SUMMARY: processing the following file failed:
'getting-started.Rmd'
Error: Vignette re-building failed.
Execution halted
Flavor: r-oldrel-windows-ix86+x86_64