CRAN Package Check Results for Package graph4lg

Last updated on 2020-04-08 05:47:20 CEST.

Flavor Version Tinstall Tcheck Ttotal Status Flags
r-devel-linux-x86_64-debian-clang 0.3.0 12.90 274.94 287.84 OK
r-devel-linux-x86_64-debian-gcc 0.3.0 9.87 203.19 213.06 OK
r-devel-linux-x86_64-fedora-clang 0.3.0 279.31 NOTE
r-devel-linux-x86_64-fedora-gcc 0.3.0 253.20 NOTE
r-devel-windows-ix86+x86_64 0.3.0 20.00 313.00 333.00 OK
r-devel-windows-ix86+x86_64-gcc8 0.3.0 23.00 210.00 233.00 OK
r-patched-linux-x86_64 0.3.0 12.67 264.02 276.69 OK
r-patched-solaris-x86 0.3.0 337.30 NOTE
r-release-linux-x86_64 0.3.0 10.37 251.72 262.09 OK
r-release-windows-ix86+x86_64 0.3.0 37.00 282.00 319.00 OK
r-release-osx-x86_64 0.3.0 NOTE
r-oldrel-windows-ix86+x86_64 0.3.0 14.00 186.00 200.00 OK
r-oldrel-osx-x86_64 0.3.0 NOTE

Check Details

Version: 0.3.0
Check: package dependencies
Result: NOTE
    Imports includes 21 non-default packages.
    Importing from so many packages makes the package vulnerable to any of
    them becoming unavailable. Move as many as possible to Suggests and
    use conditionally.
Flavor: r-devel-linux-x86_64-fedora-clang

Version: 0.3.0
Check: dependencies in R code
Result: NOTE
    Namespaces in Imports field not imported from:
     ‘Imap’ ‘Rdpack’ ‘ade4’ ‘doBy’ ‘mclust’
     All declared Imports should be used.
Flavors: r-devel-linux-x86_64-fedora-clang, r-devel-linux-x86_64-fedora-gcc, r-patched-solaris-x86, r-release-osx-x86_64, r-oldrel-osx-x86_64