CRAN Package Check Results for Package graph4lg

Last updated on 2021-09-27 05:51:24 CEST.

Flavor Version Tinstall Tcheck Ttotal Status Flags
r-devel-linux-x86_64-debian-clang 1.2.0 15.54 166.66 182.20 OK
r-devel-linux-x86_64-debian-gcc 1.2.0 11.79 121.09 132.88 OK
r-devel-linux-x86_64-fedora-clang 1.2.0 229.38 NOTE
r-devel-linux-x86_64-fedora-gcc 1.2.0 205.81 NOTE
r-devel-windows-x86_64 1.2.0 20.00 162.00 182.00 OK
r-devel-windows-x86_64-gcc10-UCRT 1.2.0 NOTE
r-patched-linux-x86_64 1.2.0 9.93 165.92 175.85 OK
r-patched-solaris-x86 1.2.0 232.00 NOTE
r-release-linux-x86_64 1.2.0 11.86 166.14 178.00 OK
r-release-macos-arm64 1.2.0 NOTE
r-release-macos-x86_64 1.2.0 NOTE
r-release-windows-ix86+x86_64 1.2.0 29.00 176.00 205.00 OK
r-oldrel-macos-x86_64 1.2.0 NOTE
r-oldrel-windows-ix86+x86_64 1.2.0 18.00 173.00 191.00 OK

Check Details

Version: 1.2.0
Check: package dependencies
Result: NOTE
    Imports includes 23 non-default packages.
    Importing from so many packages makes the package vulnerable to any of
    them becoming unavailable. Move as many as possible to Suggests and
    use conditionally.
Flavor: r-devel-linux-x86_64-fedora-clang

Version: 1.2.0
Check: dependencies in R code
Result: NOTE
    Namespaces in Imports field not imported from:
     ‘Rdpack’ ‘knitr’ ‘rmarkdown’ ‘spatstat.core’
     All declared Imports should be used.
Flavors: r-devel-linux-x86_64-fedora-clang, r-devel-linux-x86_64-fedora-gcc, r-devel-windows-x86_64-gcc10-UCRT, r-patched-solaris-x86, r-release-macos-arm64, r-release-macos-x86_64, r-oldrel-macos-x86_64