CRAN Package Check Results for Package grattan

Last updated on 2019-08-25 05:46:49 CEST.

Flavor Version Tinstall Tcheck Ttotal Status Flags
r-devel-linux-x86_64-debian-clang 1.7.1.2 87.08 132.88 219.96 NOTE
r-devel-linux-x86_64-debian-gcc 1.7.1.2 58.22 181.31 239.53 NOTE
r-devel-linux-x86_64-fedora-clang 1.7.1.2 300.80 NOTE
r-devel-linux-x86_64-fedora-gcc 1.7.1.2 291.71 NOTE
r-devel-windows-ix86+x86_64 1.7.1.2 164.00 145.00 309.00 NOTE
r-patched-linux-x86_64 1.7.1.2 71.41 141.85 213.26 NOTE
r-patched-solaris-x86 1.7.1.2 239.70 NOTE
r-release-linux-x86_64 1.7.1.2 68.71 129.70 198.41 NOTE
r-release-windows-ix86+x86_64 1.7.1.2 226.00 208.00 434.00 NOTE
r-release-osx-x86_64 1.7.1.2 NOTE
r-oldrel-windows-ix86+x86_64 1.7.1.2 209.00 188.00 397.00 NOTE
r-oldrel-osx-x86_64 1.7.1.2 NOTE

Check Details

Version: 1.7.1.2
Check: package dependencies
Result: NOTE
    Packages suggested but not available for checking:
     'taxstats', 'taxstats1516'
Flavors: r-devel-linux-x86_64-debian-clang, r-devel-linux-x86_64-debian-gcc, r-devel-linux-x86_64-fedora-clang, r-devel-linux-x86_64-fedora-gcc, r-devel-windows-ix86+x86_64, r-patched-linux-x86_64, r-patched-solaris-x86, r-release-linux-x86_64, r-release-windows-ix86+x86_64, r-release-osx-x86_64

Version: 1.7.1.2
Check: package dependencies
Result: NOTE
    Packages suggested but not available for checking:
     'taxstats' 'taxstats1516'
Flavors: r-oldrel-windows-ix86+x86_64, r-oldrel-osx-x86_64