CRAN Package Check Results for Package grattan

Last updated on 2022-11-27 05:51:33 CET.

Flavor Version Tinstall Tcheck Ttotal Status Flags
r-devel-linux-x86_64-debian-clang 2.0.0.0 21.46 81.21 102.67 WARN
r-devel-linux-x86_64-debian-gcc 2.0.0.0 14.83 58.43 73.26 WARN
r-devel-linux-x86_64-fedora-clang 2.0.0.0 133.13 WARN
r-devel-linux-x86_64-fedora-gcc 2.0.0.0 128.53 WARN
r-devel-windows-x86_64 2.0.0.0 42.00 119.00 161.00 NOTE
r-patched-linux-x86_64 2.0.0.0 16.88 69.81 86.69 NOTE
r-release-linux-x86_64 2.0.0.0 15.98 71.90 87.88 NOTE
r-release-macos-arm64 2.0.0.0 40.00 NOTE
r-release-macos-x86_64 2.0.0.0 53.00 NOTE
r-release-windows-x86_64 2.0.0.0 133.00 107.00 240.00 NOTE
r-oldrel-macos-arm64 2.0.0.0 36.00 NOTE
r-oldrel-macos-x86_64 2.0.0.0 53.00 NOTE
r-oldrel-windows-ix86+x86_64 2.0.0.0 72.00 139.00 211.00 NOTE

Check Details

Version: 2.0.0.0
Check: package dependencies
Result: NOTE
    Packages suggested but not available for checking:
     'taxstats', 'taxstats1516'
Flavors: r-devel-linux-x86_64-debian-clang, r-devel-linux-x86_64-debian-gcc, r-devel-linux-x86_64-fedora-clang, r-devel-linux-x86_64-fedora-gcc, r-devel-windows-x86_64, r-patched-linux-x86_64, r-release-linux-x86_64, r-release-macos-arm64, r-release-macos-x86_64, r-release-windows-x86_64, r-oldrel-macos-arm64, r-oldrel-macos-x86_64, r-oldrel-windows-ix86+x86_64

Version: 2.0.0.0
Check: whether package can be installed
Result: WARN
    Found the following significant warnings:
     Offset.c:3:21: warning: a function declaration without a prototype is deprecated in all versions of C [-Wstrict-prototypes]
     init.c:12:28: warning: a function declaration without a prototype is deprecated in all versions of C [-Wstrict-prototypes]
     omp_diagnose.c:5:16: warning: a function declaration without a prototype is deprecated in all versions of C [-Wstrict-prototypes]
     omp_diagnose.c:18:17: warning: a function declaration without a prototype is deprecated in all versions of C [-Wstrict-prototypes]
Flavors: r-devel-linux-x86_64-debian-clang, r-devel-linux-x86_64-fedora-clang

Version: 2.0.0.0
Check: whether package can be installed
Result: WARN
    Found the following significant warnings:
     Offset.c:3:6: warning: function declaration isn’t a prototype [-Wstrict-prototypes]
     init.c:12:1: warning: function declaration isn’t a prototype [-Wstrict-prototypes]
     omp_diagnose.c:5:6: warning: function declaration isn’t a prototype [-Wstrict-prototypes]
     omp_diagnose.c:18:6: warning: function declaration isn’t a prototype [-Wstrict-prototypes]
Flavors: r-devel-linux-x86_64-debian-gcc, r-devel-linux-x86_64-fedora-gcc