CRAN Package Check Results for Package greed

Last updated on 2021-10-25 05:58:13 CEST.

Flavor Version Tinstall Tcheck Ttotal Status Flags
r-devel-linux-x86_64-debian-clang 0.5.1 335.41 563.95 899.36 OK
r-devel-linux-x86_64-debian-gcc 0.5.1 252.93 730.05 982.98 OK
r-devel-linux-x86_64-fedora-clang 0.5.1 1205.74 NOTE
r-devel-linux-x86_64-fedora-gcc 0.5.1 1286.06 NOTE
r-devel-windows-x86_64 0.5.1 492.00 519.00 1011.00 OK
r-devel-windows-x86_64-gcc10-UCRT 0.5.1 NOTE
r-patched-linux-x86_64 0.5.1 328.60 564.07 892.67 OK
r-patched-solaris-x86 0.5.1 897.30 NOTE
r-release-linux-x86_64 0.5.1 312.94 572.76 885.70 OK
r-release-macos-arm64 0.5.1 NOTE
r-release-macos-x86_64 0.5.1 NOTE
r-release-windows-ix86+x86_64 0.5.1 672.00 689.00 1361.00 NOTE
r-oldrel-macos-x86_64 0.5.1 NOTE
r-oldrel-windows-ix86+x86_64 0.5.1 941.00 792.00 1733.00 NOTE

Check Details

Version: 0.5.1
Check: installed package size
Result: NOTE
     installed size is 22.1Mb
     sub-directories of 1Mb or more:
     libs 19.8Mb
Flavors: r-devel-linux-x86_64-fedora-clang, r-release-macos-arm64, r-release-macos-x86_64, r-release-windows-ix86+x86_64, r-oldrel-macos-x86_64, r-oldrel-windows-ix86+x86_64

Version: 0.5.1
Check: data for non-ASCII characters
Result: NOTE
     Note: found 6693 marked UTF-8 strings
Flavors: r-devel-linux-x86_64-fedora-clang, r-devel-linux-x86_64-fedora-gcc, r-devel-windows-x86_64-gcc10-UCRT, r-patched-solaris-x86, r-release-macos-arm64, r-release-macos-x86_64, r-oldrel-macos-x86_64