CRAN Package Check Results for Package gren

Last updated on 2022-01-22 05:10:18 CET.

Flavor Version Tinstall Tcheck Ttotal Status Flags
r-devel-linux-x86_64-debian-clang 0.0.1 44.90 80.48 125.38 OK
r-devel-linux-x86_64-debian-gcc 0.0.1 35.41 62.60 98.01 OK
r-devel-linux-x86_64-fedora-clang 0.0.1 172.45 OK
r-devel-linux-x86_64-fedora-gcc 0.0.1 152.44 OK
r-devel-windows-x86_64-new-UL 0.0.1 60.00 123.00 183.00 OK
r-devel-windows-x86_64-new-TK 0.0.1 OK
r-patched-linux-x86_64 0.0.1 44.93 78.69 123.62 OK
r-release-linux-x86_64 0.0.1 42.39 79.12 121.51 OK
r-release-macos-arm64 0.0.1 NOTE
r-release-macos-x86_64 0.0.1 OK
r-release-windows-ix86+x86_64 0.0.1 113.00 128.00 241.00 OK
r-oldrel-macos-x86_64 0.0.1 OK
r-oldrel-windows-ix86+x86_64 0.0.1 115.00 135.00 250.00 OK

Check Details

Version: 0.0.1
Check: installed package size
Result: NOTE
     installed size is 5.2Mb
     sub-directories of 1Mb or more:
     libs 4.5Mb
Flavor: r-release-macos-arm64