CRAN Package Check Results for Package greyzoneSurv

Last updated on 2021-09-21 05:51:09 CEST.

Flavor Version Tinstall Tcheck Ttotal Status Flags
r-devel-linux-x86_64-debian-clang 1.0 11.13 104.24 115.37 NOTE
r-devel-linux-x86_64-debian-gcc 1.0 9.39 76.95 86.34 NOTE
r-devel-linux-x86_64-fedora-clang 1.0 146.37 NOTE
r-devel-linux-x86_64-fedora-gcc 1.0 129.78 NOTE
r-devel-windows-x86_64 1.0 12.00 94.00 106.00 NOTE
r-devel-windows-x86_64-gcc10-UCRT 1.0 ERROR
r-patched-linux-x86_64 1.0 6.82 96.92 103.74 NOTE
r-patched-solaris-x86 1.0 193.90 NOTE
r-release-linux-x86_64 1.0 9.91 99.46 109.37 NOTE
r-release-macos-arm64 1.0 NOTE
r-release-macos-x86_64 1.0 NOTE
r-release-windows-ix86+x86_64 1.0 26.00 98.00 124.00 NOTE
r-oldrel-macos-x86_64 1.0 NOTE
r-oldrel-windows-ix86+x86_64 1.0 28.00 100.00 128.00 NOTE

Check Details

Version: 1.0
Check: R code for possible problems
Result: NOTE
    bestcut2: no visible global function definition for 'pchisq'
    cov.func: no visible global function definition for 'rbinom'
    cov.func: no visible global function definition for 'cov'
    cov.func: no visible global function definition for 'pnorm'
    cox.summary: no visible global function definition for 'predict'
    em.func: no visible global function definition for 'quantile'
    genSurvData: no visible global function definition for 'rweibull'
    greyzone.func: no visible global function definition for 'points'
    greyzone.func: no visible global function definition for 'abline'
    Undefined global functions or variables:
     abline cov pchisq pnorm points predict quantile rbinom rweibull
    Consider adding
     importFrom("graphics", "abline", "points")
     importFrom("stats", "cov", "pchisq", "pnorm", "predict", "quantile",
     "rbinom", "rweibull")
    to your NAMESPACE file.
Flavors: r-devel-linux-x86_64-debian-clang, r-devel-linux-x86_64-debian-gcc, r-devel-linux-x86_64-fedora-clang, r-devel-linux-x86_64-fedora-gcc, r-devel-windows-x86_64, r-devel-windows-x86_64-gcc10-UCRT, r-patched-linux-x86_64, r-patched-solaris-x86, r-release-linux-x86_64, r-release-macos-arm64, r-release-macos-x86_64, r-release-windows-ix86+x86_64, r-oldrel-macos-x86_64, r-oldrel-windows-ix86+x86_64

Version: 1.0
Check: whether package can be installed
Result: WARN
    Found the following significant warnings:
     WARNING: installation-time patches will not be applied, could not get the patches index
Flavor: r-devel-windows-x86_64-gcc10-UCRT

Version: 1.0
Check: PDF version of manual
Result: WARN
    LaTeX errors when creating PDF version.
    This typically indicates Rd problems.
Flavor: r-devel-windows-x86_64-gcc10-UCRT

Version: 1.0
Check: PDF version of manual without hyperrefs or index
Result: ERROR
    Re-running with no redirection of stdout/stderr.
Flavor: r-devel-windows-x86_64-gcc10-UCRT