CRAN Package Check Results for Package growthcleanr

Last updated on 2023-01-31 06:01:06 CET.

Flavor Version Tinstall Tcheck Ttotal Status Flags
r-devel-linux-x86_64-debian-clang 2.0.3 13.79 329.49 343.28 OK
r-devel-linux-x86_64-debian-gcc 2.0.3 11.37 212.32 223.69 OK
r-devel-linux-x86_64-fedora-clang 2.0.3 395.66 OK
r-devel-linux-x86_64-fedora-gcc 2.0.3 337.20 OK
r-devel-windows-x86_64 2.0.3 49.00 0.00 49.00 FAIL
r-patched-linux-x86_64 2.0.3 12.21 277.26 289.47 OK
r-release-linux-x86_64 2.0.3 9.63 277.08 286.71 OK
r-release-macos-arm64 2.0.3 90.00 OK
r-release-macos-x86_64 2.0.3 111.00 OK
r-release-windows-x86_64 2.0.3 50.00 0.00 50.00 FAIL
r-oldrel-macos-arm64 2.0.3 93.00 OK
r-oldrel-macos-x86_64 2.0.3 118.00 OK
r-oldrel-windows-ix86+x86_64 2.0.3 29.00 340.00 369.00 OK

Check Details

Version: 2.0.3
Check: examples
Result: FAIL
    Check process probably crashed or hung up for 20 minutes ... killed
    Most likely this happened in the example checks (?),
    if not, ignore the following last lines of example output:
    > ### * ext_bmiz
    >
    > flush(stderr()); flush(stdout())
    >
    > ### Name: ext_bmiz
    > ### Title: Calculate extended BMI measures
    > ### Aliases: ext_bmiz
    >
    > ### ** Examples
    >
    > # Run on a small subset of given data
    > df <- as.data.frame(syngrowth)
    > df <- df[df$subjid %in% unique(df[, "subjid"])[1:5], ]
    > df <- cbind(df,
    + "gcr_result" = cleangrowth(df$subjid,
    + df$param,
    + df$agedays,
    + df$sex,
    + df$measurement))
    > df_wide <- longwide(df) # convert to wide format for ext_bmiz
    > df_wide_bmi <- simple_bmi(df_wide) # compute simple BMI
    >
    > # Calling the function with default column names
    > df_bmiz <- ext_bmiz(df_wide_bmi)
    >
    > # Specifying different column names; note that quotes are used
    > dfc <- simple_bmi(df_wide)
    > colnames(dfc)[colnames(dfc) %in% c("agem", "wt", "ht")] <-
    + c("agemos", "weightkg", "heightcm")
    > df_bmiz <- ext_bmiz(dfc, age="agemos", wt="weightkg", ht="heightcm")
    ======== End of example output (where/before crash/hang up occured ?) ========
Flavor: r-devel-windows-x86_64

Version: 2.0.3
Check: examples
Result: FAIL
    Check process probably crashed or hung up for 20 minutes ... killed
    Most likely this happened in the example checks (?),
    if not, ignore the following last lines of example output:
    > # Calculate median standard deviations
    > sd.m <- sd_median(df_stats$param,
    + df_stats$sex,
    + df_stats$agedays,
    + sd.orig)
    >
    >
    >
    > cleanEx()
    > nameEx("simple_bmi")
    > ### * simple_bmi
    >
    > flush(stderr()); flush(stdout())
    >
    > ### Name: simple_bmi
    > ### Title: Compute BMI using standard formula
    > ### Aliases: simple_bmi
    >
    > ### ** Examples
    >
    > # Simple usage
    > # Run on a small subset of given data
    > df <- as.data.frame(syngrowth)
    > df <- df[df$subjid %in% unique(df[, "subjid"])[1:5], ]
    > df <- cbind(df,
    + "gcr_result" = cleangrowth(df$subjid,
    + df$param,
    + df$agedays,
    + df$sex,
    + df$measurement))
    ======== End of example output (where/before crash/hang up occured ?) ========
Flavor: r-release-windows-x86_64