CRAN Package Check Results for Package gsDesign

Last updated on 2019-12-09 05:47:14 CET.

Flavor Version Tinstall Tcheck Ttotal Status Flags
r-devel-linux-x86_64-debian-clang 3.0-1 12.40 114.14 126.54 NOTE
r-devel-linux-x86_64-debian-gcc 3.0-1 11.57 87.05 98.62 NOTE
r-devel-linux-x86_64-fedora-clang 3.0-1 152.22 NOTE
r-devel-linux-x86_64-fedora-gcc 3.0-1 140.01 NOTE
r-devel-windows-ix86+x86_64 3.0-1 31.00 202.00 233.00 NOTE
r-devel-windows-ix86+x86_64-gcc8 3.0-1 38.00 159.00 197.00 NOTE
r-patched-linux-x86_64 3.0-1 11.68 102.28 113.96 NOTE
r-patched-solaris-x86 3.0-1 166.20 NOTE
r-release-linux-x86_64 3.0-1 11.24 102.21 113.45 NOTE
r-release-windows-ix86+x86_64 3.0-1 28.00 155.00 183.00 NOTE
r-release-osx-x86_64 3.0-1 NOTE
r-oldrel-windows-ix86+x86_64 3.0-1 28.00 147.00 175.00 NOTE
r-oldrel-osx-x86_64 3.0-1 NOTE

Check Details

Version: 3.0-1
Check: R code for possible problems
Result: NOTE
    plotgsCP: no visible global function definition for 'opts'
    plotgsPower: no visible global function definition for 'opts'
    qplotit: no visible global function definition for 'opts'
    Undefined global functions or variables:
     opts
Flavors: r-devel-linux-x86_64-debian-clang, r-devel-linux-x86_64-debian-gcc, r-devel-linux-x86_64-fedora-clang, r-devel-linux-x86_64-fedora-gcc, r-devel-windows-ix86+x86_64, r-devel-windows-ix86+x86_64-gcc8, r-patched-linux-x86_64, r-patched-solaris-x86, r-release-linux-x86_64, r-release-windows-ix86+x86_64, r-release-osx-x86_64, r-oldrel-windows-ix86+x86_64, r-oldrel-osx-x86_64

Version: 3.0-1
Check: compiled code
Result: NOTE
    File ‘gsDesign/libs/gsDesign.so’:
     Found no calls to: ‘R_registerRoutines’, ‘R_useDynamicSymbols’
    
    It is good practice to register native routines and to disable symbol
    search.
    
    See ‘Writing portable packages’ in the ‘Writing R Extensions’ manual.
Flavors: r-devel-linux-x86_64-fedora-clang, r-devel-linux-x86_64-fedora-gcc