CRAN Package Check Results for Package gsDesign

Last updated on 2019-08-21 05:46:53 CEST.

Flavor Version Tinstall Tcheck Ttotal Status Flags
r-devel-linux-x86_64-debian-clang 3.0-1 12.41 106.62 119.03 NOTE
r-devel-linux-x86_64-debian-gcc 3.0-1 10.78 81.20 91.98 NOTE
r-devel-linux-x86_64-fedora-clang 3.0-1 138.59 NOTE
r-devel-linux-x86_64-fedora-gcc 3.0-1 135.83 NOTE
r-devel-windows-ix86+x86_64 3.0-1 44.00 197.00 241.00 NOTE
r-patched-linux-x86_64 3.0-1 12.31 102.61 114.92 NOTE
r-patched-solaris-x86 3.0-1 189.20 NOTE
r-release-linux-x86_64 3.0-1 12.82 102.51 115.33 NOTE
r-release-windows-ix86+x86_64 3.0-1 27.00 146.00 173.00 NOTE
r-release-osx-x86_64 3.0-1 NOTE
r-oldrel-windows-ix86+x86_64 3.0-1 36.00 192.00 228.00 NOTE
r-oldrel-osx-x86_64 3.0-1 NOTE

Check Details

Version: 3.0-1
Check: R code for possible problems
Result: NOTE
    plotgsCP: no visible global function definition for 'opts'
    plotgsPower: no visible global function definition for 'opts'
    qplotit: no visible global function definition for 'opts'
    Undefined global functions or variables:
     opts
Flavors: r-devel-linux-x86_64-debian-clang, r-devel-linux-x86_64-debian-gcc, r-devel-linux-x86_64-fedora-clang, r-devel-linux-x86_64-fedora-gcc, r-devel-windows-ix86+x86_64, r-patched-linux-x86_64, r-patched-solaris-x86, r-release-linux-x86_64, r-release-windows-ix86+x86_64, r-release-osx-x86_64, r-oldrel-windows-ix86+x86_64, r-oldrel-osx-x86_64

Version: 3.0-1
Check: compiled code
Result: NOTE
    File ‘gsDesign/libs/gsDesign.so’:
     Found no calls to: ‘R_registerRoutines’, ‘R_useDynamicSymbols’
    
    It is good practice to register native routines and to disable symbol
    search.
    
    See ‘Writing portable packages’ in the ‘Writing R Extensions’ manual.
Flavors: r-devel-linux-x86_64-fedora-clang, r-devel-linux-x86_64-fedora-gcc