CRAN Package Check Results for Package gsl

Last updated on 2019-10-15 05:47:47 CEST.

Flavor Version Tinstall Tcheck Ttotal Status Flags
r-devel-linux-x86_64-debian-clang 2.1-6 12.70 48.12 60.82 OK
r-devel-linux-x86_64-debian-gcc 2.1-6 9.87 37.91 47.78 OK
r-devel-linux-x86_64-fedora-clang 2.1-6 76.49 OK
r-devel-linux-x86_64-fedora-gcc 2.1-6 74.02 OK
r-devel-windows-ix86+x86_64 2.1-6 55.00 77.00 132.00 OK
r-patched-linux-x86_64 2.1-6 10.88 48.85 59.73 OK
r-patched-solaris-x86 2.1-6 93.90 OK
r-release-linux-x86_64 2.1-6 11.29 48.92 60.21 OK
r-release-windows-ix86+x86_64 2.1-6 43.00 101.00 144.00 OK
r-release-osx-x86_64 2.1-6 ERROR
r-oldrel-windows-ix86+x86_64 2.1-6 38.00 70.00 108.00 OK
r-oldrel-osx-x86_64 2.1-6 ERROR

Check Details

Version: 2.1-6
Check: whether package can be installed
Result: ERROR
    Installation failed.
Flavors: r-release-osx-x86_64, r-oldrel-osx-x86_64