CRAN Package Check Results for Package gsl

Last updated on 2019-07-16 05:48:15 CEST.

Flavor Version Tinstall Tcheck Ttotal Status Flags
r-devel-linux-x86_64-debian-clang 2.1-6 12.77 48.74 61.51 OK
r-devel-linux-x86_64-debian-gcc 2.1-6 9.73 38.51 48.24 OK
r-devel-linux-x86_64-fedora-clang 2.1-6 73.89 OK
r-devel-linux-x86_64-fedora-gcc 2.1-6 79.43 OK
r-devel-windows-ix86+x86_64 2.1-6 43.00 73.00 116.00 OK
r-patched-linux-x86_64 2.1-6 11.73 49.67 61.40 OK
r-patched-solaris-x86 2.1-6 117.10 OK
r-release-linux-x86_64 2.1-6 10.53 49.19 59.72 OK
r-release-windows-ix86+x86_64 2.1-6 43.00 101.00 144.00 OK
r-release-osx-x86_64 2.1-6 ERROR
r-oldrel-windows-ix86+x86_64 2.1-6 38.00 70.00 108.00 OK
r-oldrel-osx-x86_64 2.1-6 ERROR

Check Details

Version: 2.1-6
Check: whether package can be installed
Result: ERROR
    Installation failed.
Flavors: r-release-osx-x86_64, r-oldrel-osx-x86_64