CRAN Package Check Results for Package gstar

Last updated on 2021-10-22 05:59:47 CEST.

Flavor Version Tinstall Tcheck Ttotal Status Flags
r-devel-linux-x86_64-debian-clang 0.1.0 5.77 51.58 57.35 OK
r-devel-linux-x86_64-debian-gcc 0.1.0 4.56 38.92 43.48 OK
r-devel-linux-x86_64-fedora-clang 0.1.0 77.33 NOTE
r-devel-linux-x86_64-fedora-gcc 0.1.0 66.12 NOTE
r-devel-windows-x86_64 0.1.0 11.00 72.00 83.00 OK
r-devel-windows-x86_64-gcc10-UCRT 0.1.0 NOTE
r-patched-linux-x86_64 0.1.0 4.38 48.85 53.23 OK
r-patched-solaris-x86 0.1.0 99.00 NOTE
r-release-linux-x86_64 0.1.0 5.35 47.51 52.86 OK
r-release-macos-arm64 0.1.0 NOTE
r-release-macos-x86_64 0.1.0 NOTE
r-release-windows-ix86+x86_64 0.1.0 13.00 311.00 324.00 OK
r-oldrel-macos-x86_64 0.1.0 NOTE
r-oldrel-windows-ix86+x86_64 0.1.0 15.00 74.00 89.00 OK

Check Details

Version: 0.1.0
Check: dependencies in R code
Result: NOTE
    Namespace in Imports field not imported from: ‘dplyr’
     All declared Imports should be used.
Flavors: r-devel-linux-x86_64-fedora-clang, r-devel-linux-x86_64-fedora-gcc, r-devel-windows-x86_64-gcc10-UCRT, r-patched-solaris-x86, r-release-macos-arm64, r-release-macos-x86_64, r-oldrel-macos-x86_64