CRAN Package Check Results for Package gutenbergr

Last updated on 2021-10-22 05:59:47 CEST.

Flavor Version Tinstall Tcheck Ttotal Status Flags
r-devel-linux-x86_64-debian-clang 0.2.1 7.00 85.01 92.01 OK
r-devel-linux-x86_64-debian-gcc 0.2.1 6.79 63.13 69.92 OK
r-devel-linux-x86_64-fedora-clang 0.2.1 121.97 NOTE
r-devel-linux-x86_64-fedora-gcc 0.2.1 108.96 NOTE
r-devel-windows-x86_64 0.2.1 14.00 116.00 130.00 OK
r-devel-windows-x86_64-gcc10-UCRT 0.2.1 NOTE
r-patched-linux-x86_64 0.2.1 7.39 81.98 89.37 OK
r-patched-solaris-x86 0.2.1 132.90 NOTE
r-release-linux-x86_64 0.2.1 6.12 81.51 87.63 OK
r-release-macos-arm64 0.2.1 NOTE
r-release-macos-x86_64 0.2.1 NOTE
r-release-windows-ix86+x86_64 0.2.1 26.00 111.00 137.00 OK
r-oldrel-macos-x86_64 0.2.1 NOTE
r-oldrel-windows-ix86+x86_64 0.2.1 19.00 113.00 132.00 OK

Check Details

Version: 0.2.1
Check: data for non-ASCII characters
Result: NOTE
     Note: found 13617 marked UTF-8 strings
Flavors: r-devel-linux-x86_64-fedora-clang, r-devel-linux-x86_64-fedora-gcc, r-devel-windows-x86_64-gcc10-UCRT, r-patched-solaris-x86, r-release-macos-arm64, r-release-macos-x86_64, r-oldrel-macos-x86_64