CRAN Package Check Results for Package gwsem

Last updated on 2021-06-20 05:48:25 CEST.

Flavor Version Tinstall Tcheck Ttotal Status Flags
r-devel-linux-x86_64-debian-clang 2.1.0 137.28 454.25 591.53 NOTE
r-devel-linux-x86_64-debian-gcc 2.1.0 96.65 348.43 445.08 NOTE
r-devel-linux-x86_64-fedora-clang 2.1.0 630.56 NOTE
r-devel-linux-x86_64-fedora-gcc 2.1.0 555.43 NOTE
r-devel-windows-x86_64 2.1.0 163.00 130.00 293.00 NOTE
r-devel-windows-x86_64-gcc10-UCRT 2.1.0 NOTE
r-patched-linux-x86_64 2.1.0 109.61 380.03 489.64 NOTE
r-patched-solaris-x86 2.1.0 283.60 NOTE
r-release-linux-x86_64 2.1.0 108.54 382.70 491.24 NOTE
r-release-macos-arm64 2.1.0 NOTE
r-release-macos-x86_64 2.1.0 ERROR
r-release-windows-ix86+x86_64 2.1.0 310.00 168.00 478.00 NOTE
r-oldrel-macos-x86_64 2.1.0 ERROR
r-oldrel-windows-ix86+x86_64 2.1.0 233.00 179.00 412.00 NOTE

Check Details

Version: 2.1.0
Check: LazyData
Result: NOTE
     'LazyData' is specified without a 'data' directory
Flavors: r-devel-linux-x86_64-debian-clang, r-devel-linux-x86_64-debian-gcc, r-devel-linux-x86_64-fedora-clang, r-devel-linux-x86_64-fedora-gcc, r-devel-windows-x86_64, r-devel-windows-x86_64-gcc10-UCRT, r-patched-linux-x86_64, r-patched-solaris-x86, r-release-linux-x86_64, r-release-macos-arm64, r-release-macos-x86_64, r-release-windows-ix86+x86_64

Version: 2.1.0
Check: installed package size
Result: NOTE
     installed size is 11.7Mb
     sub-directories of 1Mb or more:
     libs 10.4Mb
Flavors: r-devel-linux-x86_64-fedora-clang, r-release-macos-arm64, r-release-macos-x86_64, r-release-windows-ix86+x86_64, r-oldrel-macos-x86_64, r-oldrel-windows-ix86+x86_64

Version: 2.1.0
Check: tests
Result: ERROR
     Running ‘testthat.R’ [52s/53s]
    Running the tests in ‘tests/testthat.R’ failed.
    Last 13 lines of output:
    
     >
     > test_check("gwsem")
     ══ Skipped tests ═══════════════════════════════════════════════════════════════
     • On Mac (1)
    
     ══ Failed tests ════════════════════════════════════════════════════════════════
     ── Failure (test-formats.R:115:1): (code run outside of `test_that()`) ─────────
     rmse(bgen$snp_to_F, pgen$snp_to_F) not equal to 0.
     1/1 mismatches
     [1] 1.76 - 0 == 1.76
    
     [ FAIL 1 | WARN 7 | SKIP 1 | PASS 188 ]
     Error: Test failures
     Execution halted
Flavor: r-release-macos-x86_64

Version: 2.1.0
Check: tests
Result: ERROR
     Running ‘testthat.R’ [48s/48s]
    Running the tests in ‘tests/testthat.R’ failed.
    Last 13 lines of output:
    
     >
     > test_check("gwsem")
     ══ Skipped tests ═══════════════════════════════════════════════════════════════
     • On Mac (1)
    
     ══ Failed tests ════════════════════════════════════════════════════════════════
     ── Failure (test-formats.R:115:1): (code run outside of `test_that()`) ─────────
     rmse(bgen$snp_to_F, pgen$snp_to_F) not equal to 0.
     1/1 mismatches
     [1] 1.76 - 0 == 1.76
    
     [ FAIL 1 | WARN 7 | SKIP 1 | PASS 188 ]
     Error: Test failures
     Execution halted
Flavor: r-oldrel-macos-x86_64