CRAN Package Check Results for Package hBayesDM

Last updated on 2019-12-07 05:47:34 CET.

Flavor Version Tinstall Tcheck Ttotal Status Flags
r-devel-linux-x86_64-debian-clang 1.0.2 31.97 129.00 160.97 NOTE
r-devel-linux-x86_64-debian-gcc 1.0.2 28.88 96.13 125.01 NOTE
r-devel-linux-x86_64-fedora-clang 1.0.2 180.38 NOTE
r-devel-linux-x86_64-fedora-gcc 1.0.2 178.46 NOTE
r-devel-windows-ix86+x86_64 1.0.2 55.00 219.00 274.00 NOTE
r-devel-windows-ix86+x86_64-gcc8 1.0.2 47.00 163.00 210.00 NOTE
r-patched-linux-x86_64 1.0.2 24.74 113.80 138.54 NOTE
r-patched-solaris-x86 1.0.2 239.60 NOTE
r-release-linux-x86_64 1.0.2 29.22 115.54 144.76 NOTE
r-release-windows-ix86+x86_64 1.0.2 40.00 154.00 194.00 NOTE
r-release-osx-x86_64 1.0.2 NOTE
r-oldrel-windows-ix86+x86_64 1.0.2 38.00 198.00 236.00 NOTE
r-oldrel-osx-x86_64 1.0.2 NOTE

Check Details

Version: 1.0.2
Check: for GNU extensions in Makefiles
Result: NOTE
    GNU make is a SystemRequirements.
Flavors: r-devel-linux-x86_64-debian-clang, r-devel-linux-x86_64-debian-gcc, r-devel-linux-x86_64-fedora-clang, r-devel-linux-x86_64-fedora-gcc, r-devel-windows-ix86+x86_64, r-devel-windows-ix86+x86_64-gcc8, r-patched-linux-x86_64, r-patched-solaris-x86, r-release-linux-x86_64, r-release-windows-ix86+x86_64, r-release-osx-x86_64, r-oldrel-windows-ix86+x86_64, r-oldrel-osx-x86_64