CRAN Package Check Results for Package hBayesDM

Last updated on 2019-08-21 05:46:53 CEST.

Flavor Version Tinstall Tcheck Ttotal Status Flags
r-devel-linux-x86_64-debian-clang 0.7.2 26.17 103.02 129.19 NOTE
r-devel-linux-x86_64-debian-gcc 0.7.2 23.45 78.05 101.50 NOTE
r-devel-linux-x86_64-fedora-clang 0.7.2 156.63 NOTE
r-devel-linux-x86_64-fedora-gcc 0.7.2 154.23 NOTE
r-devel-windows-ix86+x86_64 0.7.2 63.00 201.00 264.00 NOTE
r-patched-linux-x86_64 0.7.2 23.83 100.87 124.70 NOTE
r-patched-solaris-x86 0.7.2 215.90 NOTE
r-release-linux-x86_64 0.7.2 24.32 100.22 124.54 NOTE
r-release-windows-ix86+x86_64 0.7.2 41.00 132.00 173.00 NOTE
r-release-osx-x86_64 0.7.2 NOTE
r-oldrel-windows-ix86+x86_64 0.7.2 51.00 182.00 233.00 NOTE
r-oldrel-osx-x86_64 0.7.2 NOTE

Check Details

Version: 0.7.2
Check: for GNU extensions in Makefiles
Result: NOTE
    GNU make is a SystemRequirements.
Flavors: r-devel-linux-x86_64-debian-clang, r-devel-linux-x86_64-debian-gcc, r-devel-linux-x86_64-fedora-clang, r-devel-linux-x86_64-fedora-gcc, r-devel-windows-ix86+x86_64, r-patched-linux-x86_64, r-patched-solaris-x86, r-release-linux-x86_64, r-release-windows-ix86+x86_64, r-release-osx-x86_64, r-oldrel-windows-ix86+x86_64, r-oldrel-osx-x86_64