CRAN Package Check Results for Package hNMF

Last updated on 2021-10-20 05:50:45 CEST.

Flavor Version Tinstall Tcheck Ttotal Status Flags
r-devel-linux-x86_64-debian-clang 1.0 10.65 98.04 108.69 NOTE
r-devel-linux-x86_64-debian-gcc 1.0 7.99 73.40 81.39 NOTE
r-devel-linux-x86_64-fedora-clang 1.0 138.30 NOTE
r-devel-linux-x86_64-fedora-gcc 1.0 124.25 NOTE
r-devel-windows-x86_64 1.0 16.00 119.00 135.00 NOTE
r-devel-windows-x86_64-gcc10-UCRT 1.0 NOTE
r-patched-linux-x86_64 1.0 10.61 90.57 101.18 NOTE
r-patched-solaris-x86 1.0 182.60 NOTE
r-release-linux-x86_64 1.0 9.40 91.93 101.33 NOTE
r-release-macos-arm64 1.0 NOTE
r-release-macos-x86_64 1.0 NOTE
r-release-windows-ix86+x86_64 1.0 24.00 113.00 137.00 NOTE
r-oldrel-macos-x86_64 1.0 OK
r-oldrel-windows-ix86+x86_64 1.0 25.00 114.00 139.00 OK

Check Details

Version: 1.0
Check: LazyData
Result: NOTE
     'LazyData' is specified without a 'data' directory
Flavors: r-devel-linux-x86_64-debian-clang, r-devel-linux-x86_64-debian-gcc, r-devel-linux-x86_64-fedora-clang, r-devel-linux-x86_64-fedora-gcc, r-devel-windows-x86_64, r-devel-windows-x86_64-gcc10-UCRT, r-patched-linux-x86_64, r-patched-solaris-x86, r-release-linux-x86_64, r-release-macos-arm64, r-release-macos-x86_64, r-release-windows-ix86+x86_64