CRAN Package Check Results for Package hal9001

Last updated on 2021-06-18 05:48:47 CEST.

Flavor Version Tinstall Tcheck Ttotal Status Flags
r-devel-linux-x86_64-debian-clang 0.2.7 99.15 142.14 241.29 OK
r-devel-linux-x86_64-debian-gcc 0.2.7 64.43 101.10 165.53 OK
r-devel-linux-x86_64-fedora-clang 0.2.7 316.79 OK
r-devel-linux-x86_64-fedora-gcc 0.2.7 296.46 OK
r-devel-windows-x86_64 0.2.7 116.00 179.00 295.00 OK
r-devel-windows-x86_64-gcc10-UCRT 0.2.7 OK
r-patched-linux-x86_64 0.2.7 72.67 134.32 206.99 OK
r-patched-solaris-x86 0.2.7 336.00 OK
r-release-linux-x86_64 0.2.7 73.24 134.30 207.54 OK
r-release-macos-arm64 0.2.7 NOTE
r-release-macos-x86_64 0.2.7 OK
r-release-windows-ix86+x86_64 0.2.7 220.00 257.00 477.00 OK
r-oldrel-macos-x86_64 0.2.7 OK
r-oldrel-windows-ix86+x86_64 0.2.7 162.00 271.00 433.00 OK

Check Details

Version: 0.2.7
Check: installed package size
Result: NOTE
     installed size is 5.4Mb
     sub-directories of 1Mb or more:
     libs 5.1Mb
Flavor: r-release-macos-arm64