CRAN Package Check Results for Package haldensify

Last updated on 2021-06-23 05:49:29 CEST.

Flavor Version Tinstall Tcheck Ttotal Status Flags
r-devel-linux-x86_64-debian-clang 0.0.6 10.62 290.26 300.88 NOTE
r-devel-linux-x86_64-debian-gcc 0.0.6 9.19 198.78 207.97 NOTE
r-devel-linux-x86_64-fedora-clang 0.0.6 366.08 NOTE
r-devel-linux-x86_64-fedora-gcc 0.0.6 349.75 NOTE
r-devel-windows-x86_64 0.0.6 16.00 249.00 265.00 NOTE
r-devel-windows-x86_64-gcc10-UCRT 0.0.6 NOTE
r-patched-linux-x86_64 0.0.6 14.97 271.00 285.97 NOTE
r-patched-solaris-x86 0.0.6 602.40 NOTE
r-release-linux-x86_64 0.0.6 11.04 267.48 278.52 NOTE
r-release-macos-arm64 0.0.6 NOTE
r-release-macos-x86_64 0.0.6 NOTE
r-release-windows-ix86+x86_64 0.0.6 18.00 254.00 272.00 NOTE
r-oldrel-macos-x86_64 0.0.6 OK

Check Details

Version: 0.0.6
Check: LazyData
Result: NOTE
     'LazyData' is specified without a 'data' directory
Flavors: r-devel-linux-x86_64-debian-clang, r-devel-linux-x86_64-debian-gcc, r-devel-linux-x86_64-fedora-clang, r-devel-linux-x86_64-fedora-gcc, r-devel-windows-x86_64, r-devel-windows-x86_64-gcc10-UCRT, r-patched-linux-x86_64, r-patched-solaris-x86, r-release-linux-x86_64, r-release-macos-arm64, r-release-macos-x86_64, r-release-windows-ix86+x86_64