CRAN Package Check Results for Package handlr

Last updated on 2021-12-05 05:52:48 CET.

Flavor Version Tinstall Tcheck Ttotal Status Flags
r-devel-linux-x86_64-debian-clang 0.3.0 5.45 47.46 52.91 NOTE
r-devel-linux-x86_64-debian-gcc 0.3.0 4.36 37.83 42.19 NOTE
r-devel-linux-x86_64-fedora-clang 0.3.0 66.19 NOTE
r-devel-linux-x86_64-fedora-gcc 0.3.0 54.57 OK
r-devel-windows-x86_64-new-UL 0.3.0 15.00 78.00 93.00 OK
r-devel-windows-x86_64-new-TK 0.3.0 OK
r-devel-windows-x86_64-old 0.3.0 9.00 46.00 55.00 OK
r-patched-linux-x86_64 0.3.0 6.35 38.16 44.51 OK
r-release-linux-x86_64 0.3.0 6.00 45.75 51.75 NOTE
r-release-macos-arm64 0.3.0 OK
r-release-macos-x86_64 0.3.0 OK
r-release-windows-ix86+x86_64 0.3.0 11.00 60.00 71.00 OK
r-oldrel-macos-x86_64 0.3.0 OK
r-oldrel-windows-ix86+x86_64 0.3.0 12.00 60.00 72.00 OK

Check Details

Version: 0.3.0
Check: package dependencies
Result: NOTE
    Suggests orphaned package: 'bibtex'
Flavors: r-devel-linux-x86_64-debian-clang, r-devel-linux-x86_64-debian-gcc, r-devel-linux-x86_64-fedora-clang, r-release-linux-x86_64