CRAN Package Check Results for Package hdd

Last updated on 2021-06-13 05:51:07 CEST.

Flavor Version Tinstall Tcheck Ttotal Status Flags
r-devel-linux-x86_64-debian-clang 0.1.0 6.95 55.88 62.83 NOTE
r-devel-linux-x86_64-debian-gcc 0.1.0 5.72 42.29 48.01 NOTE
r-devel-linux-x86_64-fedora-clang 0.1.0 86.32 NOTE
r-devel-linux-x86_64-fedora-gcc 0.1.0 74.71 NOTE
r-devel-windows-x86_64 0.1.0 11.00 82.00 93.00 NOTE
r-devel-windows-x86_64-gcc10-UCRT 0.1.0 NOTE
r-patched-linux-x86_64 0.1.0 7.53 52.01 59.54 NOTE
r-patched-solaris-x86 0.1.0 97.50 NOTE
r-release-linux-x86_64 0.1.0 6.94 52.72 59.66 NOTE
r-release-macos-arm64 0.1.0 NOTE
r-release-macos-x86_64 0.1.0 NOTE
r-release-windows-ix86+x86_64 0.1.0 17.00 76.00 93.00 NOTE
r-oldrel-macos-x86_64 0.1.0 OK
r-oldrel-windows-ix86+x86_64 0.1.0 20.00 77.00 97.00 OK

Check Details

Version: 0.1.0
Check: LazyData
Result: NOTE
     'LazyData' is specified without a 'data' directory
Flavors: r-devel-linux-x86_64-debian-clang, r-devel-linux-x86_64-debian-gcc, r-devel-linux-x86_64-fedora-clang, r-devel-linux-x86_64-fedora-gcc, r-devel-windows-x86_64, r-devel-windows-x86_64-gcc10-UCRT, r-patched-linux-x86_64, r-patched-solaris-x86, r-release-linux-x86_64, r-release-macos-arm64, r-release-macos-x86_64, r-release-windows-ix86+x86_64