CRAN Package Check Results for Package healthfinance

Last updated on 2024-02-25 06:08:30 CET.

Flavor Version Tinstall Tcheck Ttotal Status Flags
r-devel-linux-x86_64-debian-clang 0.1.0 7.77 69.73 77.50 NOTE
r-devel-linux-x86_64-debian-gcc 0.1.0 6.04 51.33 57.37 NOTE
r-devel-linux-x86_64-fedora-clang 0.1.0 93.57 NOTE
r-devel-linux-x86_64-fedora-gcc 0.1.0 91.63 NOTE
r-devel-windows-x86_64 0.1.0 8.00 65.00 73.00 NOTE
r-patched-linux-x86_64 0.1.0 7.55 66.17 73.72 NOTE
r-release-linux-x86_64 0.1.0 4.69 64.03 68.72 NOTE
r-release-macos-arm64 0.1.0 32.00 NOTE
r-release-macos-x86_64 0.1.0 46.00 NOTE
r-release-windows-x86_64 0.1.0 10.00 78.00 88.00 NOTE
r-oldrel-macos-arm64 0.1.0 27.00 NOTE
r-oldrel-windows-x86_64 0.1.0 10.00 82.00 92.00 NOTE

Check Details

Version: 0.1.0
Check: LazyData
Result: NOTE 'LazyData' is specified without a 'data' directory Flavors: r-devel-linux-x86_64-debian-clang, r-devel-linux-x86_64-debian-gcc, r-devel-linux-x86_64-fedora-clang, r-devel-linux-x86_64-fedora-gcc, r-devel-windows-x86_64, r-patched-linux-x86_64, r-release-linux-x86_64, r-release-macos-arm64, r-release-macos-x86_64, r-release-windows-x86_64, r-oldrel-macos-arm64, r-oldrel-windows-x86_64