CRAN Package Check Results for Package healthyR.data

Last updated on 2024-06-18 05:57:38 CEST.

Flavor Version Tinstall Tcheck Ttotal Status Flags
r-devel-linux-x86_64-debian-clang 1.1.0 24.74 42.65 67.39 OK
r-devel-linux-x86_64-debian-gcc 1.1.0 19.14 32.24 51.38 OK
r-devel-linux-x86_64-fedora-clang 1.1.0 80.97 OK
r-devel-linux-x86_64-fedora-gcc 1.1.0 83.78 OK
r-devel-windows-x86_64 1.1.0 22.00 59.00 81.00 OK
r-patched-linux-x86_64 1.1.0 21.75 40.86 62.61 OK
r-release-linux-x86_64 1.1.0 16.76 41.79 58.55 OK
r-release-macos-arm64 1.1.0 50.00 NOTE
r-release-macos-x86_64 1.1.0 97.00 NOTE
r-release-windows-x86_64 1.1.0 21.00 58.00 79.00 OK
r-oldrel-macos-arm64 1.1.0 51.00 NOTE
r-oldrel-macos-x86_64 1.1.0 85.00 NOTE
r-oldrel-windows-x86_64 1.1.0 27.00 88.00 115.00 OK

Check Details

Version: 1.1.0
Check: installed package size
Result: NOTE installed size is 5.2Mb sub-directories of 1Mb or more: data 4.9Mb Flavors: r-release-macos-arm64, r-release-macos-x86_64, r-oldrel-macos-arm64, r-oldrel-macos-x86_64