CRAN Package Check Results for Package heatmapFlex

Last updated on 2021-12-06 05:53:11 CET.

Flavor Version Tinstall Tcheck Ttotal Status Flags
r-devel-linux-x86_64-debian-clang 0.1.2 5.01 53.21 58.22 OK
r-devel-linux-x86_64-debian-gcc 0.1.2 4.29 41.45 45.74 OK
r-devel-linux-x86_64-fedora-clang 0.1.2 78.71 OK
r-devel-linux-x86_64-fedora-gcc 0.1.2 65.89 OK
r-devel-windows-x86_64-new-UL 0.1.2 15.00 86.00 101.00 OK
r-devel-windows-x86_64-new-TK 0.1.2 OK
r-devel-windows-x86_64-old 0.1.2 9.00 52.00 61.00 OK
r-patched-linux-x86_64 0.1.2 5.34 43.53 48.87 OK
r-release-linux-x86_64 0.1.2 4.87 52.20 57.07 OK
r-release-macos-arm64 0.1.2 ERROR
r-release-macos-x86_64 0.1.2 ERROR
r-release-windows-ix86+x86_64 0.1.2 13.00 67.00 80.00 OK
r-oldrel-macos-x86_64 0.1.2 ERROR
r-oldrel-windows-ix86+x86_64 0.1.2 13.00 71.00 84.00 OK

Check Details

Version: 0.1.2
Check: package dependencies
Result: ERROR
    Package required but not available: ‘Heatplus’
    
    See section ‘The DESCRIPTION file’ in the ‘Writing R Extensions’
    manual.
Flavors: r-release-macos-arm64, r-release-macos-x86_64, r-oldrel-macos-x86_64