CRAN Package Check Results for Package hermiter

Last updated on 2021-06-18 05:48:47 CEST.

Flavor Version Tinstall Tcheck Ttotal Status Flags
r-devel-linux-x86_64-debian-clang 2.0.3 26.36 152.26 178.62 OK
r-devel-linux-x86_64-debian-gcc 2.0.3 16.97 100.52 117.49 OK
r-devel-linux-x86_64-fedora-clang 2.0.3 210.40 OK
r-devel-linux-x86_64-fedora-gcc 2.0.3 194.72 OK
r-devel-windows-x86_64 2.0.3 35.00 185.00 220.00 OK
r-devel-windows-x86_64-gcc10-UCRT 2.0.3 OK
r-patched-linux-x86_64 2.0.3 20.52 140.14 160.66 OK
r-patched-solaris-x86 2.0.3 228.00 WARN
r-release-linux-x86_64 2.0.3 19.79 135.82 155.61 OK
r-release-macos-arm64 2.0.3 WARN
r-release-macos-x86_64 2.0.3 WARN
r-release-windows-ix86+x86_64 2.0.3 60.00 298.00 358.00 OK
r-oldrel-macos-x86_64 2.0.3 WARN
r-oldrel-windows-ix86+x86_64 2.0.3 47.00 300.00 347.00 OK

Check Details

Version: 2.0.3
Check: re-building of vignette outputs
Result: WARN
    Error(s) in re-building vignettes:
     ...
    --- re-building ‘hermiter.Rmd’ using rmarkdown
    Warning in engine$weave(file, quiet = quiet, encoding = enc) :
     Pandoc (>= 1.12.3) not available. Falling back to R Markdown v1.
    
    Attaching package: 'dplyr'
    
    The following objects are masked from 'package:stats':
    
     filter, lag
    
    The following objects are masked from 'package:base':
    
     intersect, setdiff, setequal, union
    
    
    Attaching package: 'data.table'
    
    The following objects are masked from 'package:dplyr':
    
     between, first, last
    
    Quitting from lines 542-544 (hermiter.Rmd)
    Error: processing vignette 'hermiter.Rmd' failed with diagnostics:
    there is no package called 'webshot'
    --- failed re-building ‘hermiter.Rmd’
    
    SUMMARY: processing the following file failed:
     ‘hermiter.Rmd’
    
    Error: Vignette re-building failed.
    Execution halted
Flavor: r-patched-solaris-x86

Version: 2.0.3
Check: re-building of vignette outputs
Result: WARN
    Error(s) in re-building vignettes:
    --- re-building ‘hermiter.Rmd’ using rmarkdown
    Warning in engine$weave(file, quiet = quiet, encoding = enc) :
     Pandoc (>= 1.12.3) not available. Falling back to R Markdown v1.
    
    Attaching package: 'dplyr'
    
    The following objects are masked from 'package:stats':
    
     filter, lag
    
    The following objects are masked from 'package:base':
    
     intersect, setdiff, setequal, union
    
    
    Attaching package: 'data.table'
    
    The following objects are masked from 'package:dplyr':
    
     between, first, last
    
    Quitting from lines 542-544 (hermiter.Rmd)
    Error: processing vignette 'hermiter.Rmd' failed with diagnostics:
    invalid 'path' argument
    --- failed re-building ‘hermiter.Rmd’
    
    SUMMARY: processing the following file failed:
     ‘hermiter.Rmd’
    
    Error: Vignette re-building failed.
    Execution halted
Flavors: r-release-macos-arm64, r-release-macos-x86_64

Version: 2.0.3
Check: re-building of vignette outputs
Result: WARN
    Error(s) in re-building vignettes:
    --- re-building ‘hermiter.Rmd’ using rmarkdown
    Warning in engine$weave(file, quiet = quiet, encoding = enc) :
     Pandoc (>= 1.12.3) and/or pandoc-citeproc not available. Falling back to R Markdown v1.
    
    Attaching package: 'dplyr'
    
    The following objects are masked from 'package:stats':
    
     filter, lag
    
    The following objects are masked from 'package:base':
    
     intersect, setdiff, setequal, union
    
    
    Attaching package: 'data.table'
    
    The following objects are masked from 'package:dplyr':
    
     between, first, last
    
    Quitting from lines 542-544 (hermiter.Rmd)
    Error: processing vignette 'hermiter.Rmd' failed with diagnostics:
    invalid 'path' argument
    --- failed re-building ‘hermiter.Rmd’
    
    SUMMARY: processing the following file failed:
     ‘hermiter.Rmd’
    
    Error: Vignette re-building failed.
    Execution halted
Flavor: r-oldrel-macos-x86_64