CRAN Package Check Results for Package hero

Last updated on 2024-06-13 06:58:04 CEST.

Flavor Version Tinstall Tcheck Ttotal Status Flags
r-devel-linux-x86_64-debian-clang 0.6 11.24 120.50 131.74 NOTE
r-devel-linux-x86_64-debian-gcc 0.6 0.59 1.67 2.26 ERROR
r-devel-linux-x86_64-fedora-clang 0.6 166.91 NOTE
r-devel-linux-x86_64-fedora-gcc 0.6 159.72 NOTE
r-devel-windows-x86_64 0.6 10.00 116.00 126.00 NOTE
r-patched-linux-x86_64 0.6 8.50 118.20 126.70 NOTE
r-release-linux-x86_64 0.6 7.46 119.53 126.99 NOTE
r-release-macos-arm64 0.6 52.00 NOTE
r-release-macos-x86_64 0.6 81.00 NOTE
r-release-windows-x86_64 0.6 10.00 188.00 198.00 NOTE
r-oldrel-macos-arm64 0.6 55.00 NOTE
r-oldrel-macos-x86_64 0.6 99.00 NOTE
r-oldrel-windows-x86_64 0.6 14.00 143.00 157.00 OK

Check Details

Version: 0.6
Check: Rd files
Result: NOTE checkRd: (-1) hero.Rd:67-68: Lost braces 67 | then \code{\link[pbapply]{pblapply}} is used. If code{package == | ^ checkRd: (-1) hero.Rd:69: Lost braces 69 | code{package == "Rmpi"}, then \code{\link[Rmpi]{mpi.applyLB}} is used.} | ^ Flavors: r-devel-linux-x86_64-debian-clang, r-devel-linux-x86_64-fedora-clang, r-devel-linux-x86_64-fedora-gcc, r-devel-windows-x86_64, r-patched-linux-x86_64, r-release-linux-x86_64, r-release-macos-arm64, r-release-macos-x86_64, r-release-windows-x86_64

Version: 0.6
Check: package dependencies
Result: ERROR Package required but not available: ‘optimx’ Packages suggested but not available for checking: 'autoimage', 'devtools', 'fda', 'igraph', 'testthat' See section ‘The DESCRIPTION file’ in the ‘Writing R Extensions’ manual. Flavor: r-devel-linux-x86_64-debian-gcc

Version: 0.6
Check: package dependencies
Result: NOTE Package suggested but not available for checking: ‘Rmpi’ Flavors: r-release-macos-arm64, r-release-macos-x86_64, r-oldrel-macos-arm64, r-oldrel-macos-x86_64

Version: 0.6
Check: Rd cross-references
Result: NOTE Package unavailable to check Rd xrefs: ‘Rmpi’ Flavors: r-release-macos-arm64, r-release-macos-x86_64, r-oldrel-macos-arm64, r-oldrel-macos-x86_64