CRAN Package Check Results for Package hettx

Last updated on 2020-07-06 04:47:38 CEST.

Flavor Version Tinstall Tcheck Ttotal Status Flags
r-devel-linux-x86_64-debian-clang 0.1.1 10.67 287.83 298.50 OK
r-devel-linux-x86_64-debian-gcc 0.1.1 9.24 213.16 222.40 OK
r-devel-linux-x86_64-fedora-clang 0.1.1 343.94 NOTE
r-devel-linux-x86_64-fedora-gcc 0.1.1 340.95 NOTE
r-devel-windows-ix86+x86_64 0.1.1 32.00 363.00 395.00 OK
r-patched-linux-x86_64 0.1.1 10.30 281.14 291.44 OK
r-patched-solaris-x86 0.1.1 462.20 NOTE
r-release-linux-x86_64 0.1.1 9.69 277.55 287.24 OK
r-release-osx-x86_64 0.1.1 NOTE
r-release-windows-ix86+x86_64 0.1.1 25.00 270.00 295.00 OK
r-oldrel-osx-x86_64 0.1.1 NOTE
r-oldrel-windows-ix86+x86_64 0.1.1 30.00 340.00 370.00 OK

Check Details

Version: 0.1.1
Check: dependencies in R code
Result: NOTE
    Namespaces in Imports field not imported from:
     ‘dplyr’ ‘purrr’ ‘tidyverse’
     All declared Imports should be used.
Flavors: r-devel-linux-x86_64-fedora-clang, r-devel-linux-x86_64-fedora-gcc, r-patched-solaris-x86, r-release-osx-x86_64, r-oldrel-osx-x86_64