CRAN Package Check Results for Package hexSticker

Last updated on 2023-01-31 06:01:06 CET.

Flavor Version Tinstall Tcheck Ttotal Status Flags
r-devel-linux-x86_64-debian-clang 0.4.9 6.61 61.40 68.01 NOTE
r-devel-linux-x86_64-debian-gcc 0.4.9 4.93 42.47 47.40 NOTE
r-devel-linux-x86_64-fedora-clang 0.4.9 85.20 NOTE
r-devel-linux-x86_64-fedora-gcc 0.4.9 80.42 NOTE
r-devel-windows-x86_64 0.4.9 23.00 85.00 108.00 NOTE
r-patched-linux-x86_64 0.4.9 6.06 59.53 65.59 NOTE
r-release-linux-x86_64 0.4.9 7.64 60.48 68.12 NOTE
r-release-macos-arm64 0.4.9 29.00 NOTE
r-release-macos-x86_64 0.4.9 49.00 NOTE
r-release-windows-x86_64 0.4.9 18.00 94.00 112.00 NOTE
r-oldrel-macos-arm64 0.4.9 31.00 NOTE
r-oldrel-macos-x86_64 0.4.9 42.00 NOTE
r-oldrel-windows-ix86+x86_64 0.4.9 18.00 84.00 102.00 NOTE

Check Details

Version: 0.4.9
Check: LazyData
Result: NOTE
     'LazyData' is specified without a 'data' directory
Flavors: r-devel-linux-x86_64-debian-clang, r-devel-linux-x86_64-debian-gcc, r-devel-linux-x86_64-fedora-clang, r-devel-linux-x86_64-fedora-gcc, r-devel-windows-x86_64, r-patched-linux-x86_64, r-release-linux-x86_64, r-release-macos-arm64, r-release-macos-x86_64, r-release-windows-x86_64, r-oldrel-macos-arm64, r-oldrel-macos-x86_64, r-oldrel-windows-ix86+x86_64