CRAN Package Check Results for Package hexSticker

Last updated on 2019-08-23 05:46:56 CEST.

Flavor Version Tinstall Tcheck Ttotal Status Flags
r-devel-linux-x86_64-debian-clang 0.4.6 4.80 40.65 45.45 NOTE
r-devel-linux-x86_64-debian-gcc 0.4.6 3.99 30.99 34.98 NOTE
r-devel-linux-x86_64-fedora-clang 0.4.6 54.91 NOTE
r-devel-linux-x86_64-fedora-gcc 0.4.6 51.77 NOTE
r-devel-windows-ix86+x86_64 0.4.6 34.00 88.00 122.00 OK
r-patched-linux-x86_64 0.4.6 4.34 38.73 43.07 OK
r-patched-solaris-x86 0.4.6 82.00 OK
r-release-linux-x86_64 0.4.6 4.43 39.24 43.67 OK
r-release-windows-ix86+x86_64 0.4.6 21.00 83.00 104.00 OK
r-release-osx-x86_64 0.4.6 OK
r-oldrel-windows-ix86+x86_64 0.4.6 10.00 83.00 93.00 OK
r-oldrel-osx-x86_64 0.4.6 OK

Check Details

Version: 0.4.6
Check: for non-standard things in the check directory
Result: NOTE
    Found the following files/directories:
     'hexSticker.png'
Flavors: r-devel-linux-x86_64-debian-clang, r-devel-linux-x86_64-debian-gcc, r-devel-linux-x86_64-fedora-clang, r-devel-linux-x86_64-fedora-gcc