CRAN Package Check Results for Package hexbin

Last updated on 2019-09-22 05:46:13 CEST.

Flavor Version Tinstall Tcheck Ttotal Status Flags
r-devel-linux-x86_64-debian-clang 1.27.3 9.19 59.37 68.56 OK
r-devel-linux-x86_64-debian-gcc 1.27.3 7.10 46.93 54.03 OK
r-devel-linux-x86_64-fedora-clang 1.27.3 88.29 OK
r-devel-linux-x86_64-fedora-gcc 1.27.3 87.51 OK
r-devel-windows-ix86+x86_64 1.27.3 27.00 99.00 126.00 OK
r-patched-linux-x86_64 1.27.3 8.01 61.17 69.18 OK
r-patched-solaris-x86 1.27.3 115.60 OK
r-release-linux-x86_64 1.27.3 9.14 60.58 69.72 OK
r-release-windows-ix86+x86_64 1.27.3 22.00 102.00 124.00 OK
r-release-osx-x86_64 1.27.3 NOTE
r-oldrel-windows-ix86+x86_64 1.27.3 15.00 149.00 164.00 OK
r-oldrel-osx-x86_64 1.27.3 OK

Check Details

Version: 1.27.3
Check: package dependencies
Result: NOTE
    Packages suggested but not available for checking:
     'marray', 'affy', 'Biobase', 'limma'
Flavor: r-release-osx-x86_64

Version: 1.27.3
Check: Rd cross-references
Result: NOTE
    Package unavailable to check Rd xrefs: ‘limma’
Flavor: r-release-osx-x86_64