CRAN Package Check Results for Package hexbin

Last updated on 2019-07-16 05:48:16 CEST.

Flavor Version Tinstall Tcheck Ttotal Status Flags
r-devel-linux-x86_64-debian-clang 1.27.3 8.65 60.81 69.46 OK
r-devel-linux-x86_64-debian-gcc 1.27.3 6.08 47.80 53.88 OK
r-devel-linux-x86_64-fedora-clang 1.27.3 86.13 OK
r-devel-linux-x86_64-fedora-gcc 1.27.3 97.71 OK
r-devel-windows-ix86+x86_64 1.27.3 29.00 100.00 129.00 OK
r-patched-linux-x86_64 1.27.3 8.24 62.19 70.43 OK
r-patched-solaris-x86 1.27.3 117.40 OK
r-release-linux-x86_64 1.27.3 8.59 61.67 70.26 OK
r-release-windows-ix86+x86_64 1.27.3 21.00 141.00 162.00 OK
r-release-osx-x86_64 1.27.3 NOTE
r-oldrel-windows-ix86+x86_64 1.27.3 26.00 91.00 117.00 OK
r-oldrel-osx-x86_64 1.27.3 OK

Check Details

Version: 1.27.3
Check: package dependencies
Result: NOTE
    Packages suggested but not available for checking:
     'marray', 'affy', 'Biobase', 'limma'
Flavor: r-release-osx-x86_64

Version: 1.27.3
Check: Rd cross-references
Result: NOTE
    Package unavailable to check Rd xrefs: ‘limma’
Flavor: r-release-osx-x86_64