Last updated on 2023-02-02 06:03:30 CET.
Flavor | Version | Tinstall | Tcheck | Ttotal | Status | Flags |
---|---|---|---|---|---|---|
r-devel-linux-x86_64-debian-clang | 3.0 | 16.66 | 124.42 | 141.08 | OK | |
r-devel-linux-x86_64-debian-gcc | 3.0 | 16.25 | 91.97 | 108.22 | OK | |
r-devel-linux-x86_64-fedora-clang | 3.0 | 182.59 | NOTE | |||
r-devel-linux-x86_64-fedora-gcc | 3.0 | 177.15 | NOTE | |||
r-patched-linux-x86_64 | 3.0 | 18.32 | 118.69 | 137.01 | OK | |
r-release-linux-x86_64 | 3.0 | 18.02 | 121.92 | 139.94 | OK | |
r-release-macos-arm64 | 3.0 | 47.00 | NOTE | |||
r-release-macos-x86_64 | 3.0 | 90.00 | NOTE | |||
r-release-windows-x86_64 | 3.0 | 276.00 | 150.00 | 426.00 | OK | |
r-oldrel-macos-arm64 | 3.0 | 53.00 | NOTE | |||
r-oldrel-macos-x86_64 | 3.0 | 77.00 | NOTE | |||
r-oldrel-windows-ix86+x86_64 | 3.0 | 39.00 | 138.00 | 177.00 | OK |
Version: 3.0
Check: dependencies in R code
Result: NOTE
Namespace in Imports field not imported from: ‘MCMCpack’
All declared Imports should be used.
Flavors: r-devel-linux-x86_64-fedora-clang, r-devel-linux-x86_64-fedora-gcc, r-release-macos-arm64, r-release-macos-x86_64, r-oldrel-macos-arm64, r-oldrel-macos-x86_64