CRAN Package Check Results for Package highriskzone

Last updated on 2019-09-19 05:47:19 CEST.

Flavor Version Tinstall Tcheck Ttotal Status Flags
r-devel-linux-x86_64-debian-clang 1.4.5 10.02 101.88 111.90 NOTE
r-devel-linux-x86_64-debian-gcc 1.4.5 8.80 80.99 89.79 NOTE
r-devel-linux-x86_64-fedora-clang 1.4.5 137.50 OK
r-devel-linux-x86_64-fedora-gcc 1.4.5 135.29 OK
r-devel-windows-ix86+x86_64 1.4.5 34.00 116.00 150.00 OK
r-patched-linux-x86_64 1.4.5 9.94 100.39 110.33 NOTE
r-patched-solaris-x86 1.4.5 250.50 NOTE
r-release-linux-x86_64 1.4.5 10.87 99.87 110.74 NOTE
r-release-windows-ix86+x86_64 1.4.5 21.00 173.00 194.00 OK
r-release-osx-x86_64 1.4.5 NOTE
r-oldrel-windows-ix86+x86_64 1.4.5 12.00 102.00 114.00 OK
r-oldrel-osx-x86_64 1.4.5 NOTE

Check Details

Version: 1.4.5
Check: package dependencies
Result: NOTE
    Package suggested but not available for checking: 'INLA'
Flavors: r-devel-linux-x86_64-debian-clang, r-devel-linux-x86_64-debian-gcc, r-patched-linux-x86_64, r-patched-solaris-x86, r-release-linux-x86_64, r-release-osx-x86_64, r-oldrel-osx-x86_64