CRAN Package Check Results for Package highriskzone

Last updated on 2020-02-27 05:48:48 CET.

Flavor Version Tinstall Tcheck Ttotal Status Flags
r-devel-linux-x86_64-debian-clang 1.4.5 12.62 113.10 125.72 NOTE
r-devel-linux-x86_64-debian-gcc 1.4.5 10.37 88.94 99.31 NOTE
r-devel-linux-x86_64-fedora-clang 1.4.5 158.71 OK
r-devel-linux-x86_64-fedora-gcc 1.4.5 149.20 OK
r-devel-windows-ix86+x86_64 1.4.5 24.00 123.00 147.00 OK
r-devel-windows-ix86+x86_64-gcc8 1.4.5 26.00 127.00 153.00 OK
r-patched-linux-x86_64 1.4.5 10.59 99.83 110.42 NOTE
r-patched-solaris-x86 1.4.5 250.90 NOTE
r-release-linux-x86_64 1.4.5 9.40 101.50 110.90 NOTE
r-release-windows-ix86+x86_64 1.4.5 18.00 108.00 126.00 OK
r-release-osx-x86_64 1.4.5 NOTE
r-oldrel-windows-ix86+x86_64 1.4.5 13.00 101.00 114.00 OK
r-oldrel-osx-x86_64 1.4.5 NOTE

Check Details

Version: 1.4.5
Check: package dependencies
Result: NOTE
    Package suggested but not available for checking: 'INLA'
Flavors: r-devel-linux-x86_64-debian-clang, r-devel-linux-x86_64-debian-gcc, r-patched-linux-x86_64, r-patched-solaris-x86, r-release-linux-x86_64, r-release-osx-x86_64, r-oldrel-osx-x86_64