CRAN Package Check Results for Package hillR

Last updated on 2021-10-16 05:51:24 CEST.

Flavor Version Tinstall Tcheck Ttotal Status Flags
r-devel-linux-x86_64-debian-clang 0.5.1 3.39 41.64 45.03 NOTE
r-devel-linux-x86_64-debian-gcc 0.5.1 2.71 31.31 34.02 NOTE
r-devel-linux-x86_64-fedora-clang 0.5.1 65.21 NOTE
r-devel-linux-x86_64-fedora-gcc 0.5.1 52.27 NOTE
r-devel-windows-x86_64 0.5.1 6.00 49.00 55.00 NOTE
r-devel-windows-x86_64-gcc10-UCRT 0.5.1 NOTE
r-patched-linux-x86_64 0.5.1 3.49 39.72 43.21 NOTE
r-patched-solaris-x86 0.5.1 77.90 NOTE
r-release-linux-x86_64 0.5.1 3.62 39.88 43.50 NOTE
r-release-macos-arm64 0.5.1 NOTE
r-release-macos-x86_64 0.5.1 NOTE
r-release-windows-ix86+x86_64 0.5.1 8.00 60.00 68.00 NOTE
r-oldrel-macos-x86_64 0.5.1 OK
r-oldrel-windows-ix86+x86_64 0.5.1 7.00 66.00 73.00 OK

Check Details

Version: 0.5.1
Check: LazyData
Result: NOTE
     'LazyData' is specified without a 'data' directory
Flavors: r-devel-linux-x86_64-debian-clang, r-devel-linux-x86_64-debian-gcc, r-devel-linux-x86_64-fedora-clang, r-devel-linux-x86_64-fedora-gcc, r-devel-windows-x86_64, r-devel-windows-x86_64-gcc10-UCRT, r-patched-linux-x86_64, r-patched-solaris-x86, r-release-linux-x86_64, r-release-macos-arm64, r-release-macos-x86_64, r-release-windows-ix86+x86_64