CRAN Package Check Results for Package hkdatasets

Last updated on 2024-06-13 06:58:04 CEST.

Flavor Version Tinstall Tcheck Ttotal Status Flags
r-devel-linux-x86_64-debian-clang 1.0.0 2.58 29.35 31.93 OK
r-devel-linux-x86_64-debian-gcc 1.0.0 2.20 22.58 24.78 NOTE
r-devel-linux-x86_64-fedora-clang 1.0.0 40.75 NOTE
r-devel-linux-x86_64-fedora-gcc 1.0.0 38.42 NOTE
r-devel-windows-x86_64 1.0.0 4.00 43.00 47.00 OK
r-patched-linux-x86_64 1.0.0 2.78 27.92 30.70 OK
r-release-linux-x86_64 1.0.0 3.00 27.88 30.88 OK
r-release-macos-arm64 1.0.0 14.00 OK
r-release-macos-x86_64 1.0.0 24.00 OK
r-release-windows-x86_64 1.0.0 4.00 131.00 135.00 OK
r-oldrel-macos-arm64 1.0.0 19.00 OK
r-oldrel-macos-x86_64 1.0.0 25.00 OK
r-oldrel-windows-x86_64 1.0.0 4.00 47.00 51.00 OK

Check Details

Version: 1.0.0
Check: package dependencies
Result: NOTE Packages suggested but not available for checking: 'dplyr', 'tidyr' Flavor: r-devel-linux-x86_64-debian-gcc

Version: 1.0.0
Check: data for non-ASCII characters
Result: NOTE Note: found 9638 marked UTF-8 strings Flavors: r-devel-linux-x86_64-fedora-clang, r-devel-linux-x86_64-fedora-gcc