CRAN Package Check Results for Package hkevp

Last updated on 2020-05-30 05:48:05 CEST.

Flavor Version Tinstall Tcheck Ttotal Status Flags
r-devel-linux-x86_64-debian-clang 1.1.4 48.93 48.68 97.61 OK
r-devel-linux-x86_64-debian-gcc 1.1.4 42.47 35.71 78.18 OK
r-devel-linux-x86_64-fedora-clang 1.1.4 133.19 NOTE
r-devel-linux-x86_64-fedora-gcc 1.1.4 127.26 NOTE
r-devel-windows-ix86+x86_64 1.1.4 112.00 149.00 261.00 OK
r-patched-linux-x86_64 1.1.4 43.57 46.85 90.42 OK
r-patched-solaris-x86 1.1.4 144.40 OK
r-release-linux-x86_64 1.1.4 42.61 47.80 90.41 OK
r-release-osx-x86_64 1.1.4 NOTE
r-release-windows-ix86+x86_64 1.1.4 93.00 148.00 241.00 OK
r-oldrel-osx-x86_64 1.1.4 OK
r-oldrel-windows-ix86+x86_64 1.1.4 106.00 136.00 242.00 OK

Check Details

Version: 1.1.4
Check: compiled code
Result: NOTE
    File ‘hkevp/libs/hkevp.so’:
     Found no calls to: ‘R_registerRoutines’, ‘R_useDynamicSymbols’
    
    It is good practice to register native routines and to disable symbol
    search.
    
    See ‘Writing portable packages’ in the ‘Writing R Extensions’ manual.
Flavors: r-devel-linux-x86_64-fedora-clang, r-devel-linux-x86_64-fedora-gcc

Version: 1.1.4
Check: installed package size
Result: NOTE
     installed size is 5.4Mb
     sub-directories of 1Mb or more:
     libs 5.2Mb
Flavor: r-release-osx-x86_64