CRAN Package Check Results for Package hkevp

Last updated on 2021-01-15 05:48:51 CET.

Flavor Version Tinstall Tcheck Ttotal Status Flags
r-devel-linux-x86_64-debian-clang 1.1.4 46.47 51.14 97.61 OK
r-devel-linux-x86_64-debian-gcc 1.1.4 37.11 37.11 74.22 OK
r-devel-linux-x86_64-fedora-clang 1.1.4 144.85 NOTE
r-devel-linux-x86_64-fedora-gcc 1.1.4 131.52 NOTE
r-devel-windows-ix86+x86_64 1.1.4 98.00 153.00 251.00 OK
r-patched-linux-x86_64 1.1.4 41.36 48.39 89.75 OK
r-patched-solaris-x86 1.1.4 150.80 OK
r-release-linux-x86_64 1.1.4 42.97 49.25 92.22 OK
r-release-macos-x86_64 1.1.4 NOTE
r-release-windows-ix86+x86_64 1.1.4 113.00 134.00 247.00 OK
r-oldrel-macos-x86_64 1.1.4 OK
r-oldrel-windows-ix86+x86_64 1.1.4 77.00 115.00 192.00 OK

Check Details

Version: 1.1.4
Check: compiled code
Result: NOTE
    File ‘hkevp/libs/hkevp.so’:
     Found no calls to: ‘R_registerRoutines’, ‘R_useDynamicSymbols’
    
    It is good practice to register native routines and to disable symbol
    search.
    
    See ‘Writing portable packages’ in the ‘Writing R Extensions’ manual.
Flavors: r-devel-linux-x86_64-fedora-clang, r-devel-linux-x86_64-fedora-gcc

Version: 1.1.4
Check: installed package size
Result: NOTE
     installed size is 5.4Mb
     sub-directories of 1Mb or more:
     libs 5.2Mb
Flavor: r-release-macos-x86_64