CRAN Package Check Results for Package hkevp

Last updated on 2019-10-17 05:47:06 CEST.

Flavor Version Tinstall Tcheck Ttotal Status Flags
r-devel-linux-x86_64-debian-clang 1.1.4 46.07 44.94 91.01 OK
r-devel-linux-x86_64-debian-gcc 1.1.4 37.91 33.49 71.40 OK
r-devel-linux-x86_64-fedora-clang 1.1.4 125.24 NOTE
r-devel-linux-x86_64-fedora-gcc 1.1.4 120.32 NOTE
r-devel-windows-ix86+x86_64 1.1.4 102.00 125.00 227.00 OK
r-patched-linux-x86_64 1.1.4 38.86 44.20 83.06 OK
r-patched-solaris-x86 1.1.4 138.80 OK
r-release-linux-x86_64 1.1.4 37.84 44.67 82.51 OK
r-release-windows-ix86+x86_64 1.1.4 66.00 141.00 207.00 OK
r-release-osx-x86_64 1.1.4 OK
r-oldrel-windows-ix86+x86_64 1.1.4 67.00 122.00 189.00 OK
r-oldrel-osx-x86_64 1.1.4 OK

Check Details

Version: 1.1.4
Check: compiled code
Result: NOTE
    File ‘hkevp/libs/hkevp.so’:
     Found no calls to: ‘R_registerRoutines’, ‘R_useDynamicSymbols’
    
    It is good practice to register native routines and to disable symbol
    search.
    
    See ‘Writing portable packages’ in the ‘Writing R Extensions’ manual.
Flavors: r-devel-linux-x86_64-fedora-clang, r-devel-linux-x86_64-fedora-gcc