CRAN Package Check Results for Package hnp

Last updated on 2021-10-16 05:51:24 CEST.

Flavor Version Tinstall Tcheck Ttotal Status Flags
r-devel-linux-x86_64-debian-clang 1.2-6 4.76 54.56 59.32 NOTE
r-devel-linux-x86_64-debian-gcc 1.2-6 3.99 41.10 45.09 NOTE
r-devel-linux-x86_64-fedora-clang 1.2-6 81.54 NOTE
r-devel-linux-x86_64-fedora-gcc 1.2-6 69.57 NOTE
r-devel-windows-x86_64 1.2-6 7.00 55.00 62.00 NOTE
r-devel-windows-x86_64-gcc10-UCRT 1.2-6 NOTE
r-patched-linux-x86_64 1.2-6 4.34 53.28 57.62 NOTE
r-patched-solaris-x86 1.2-6 97.40 NOTE
r-release-linux-x86_64 1.2-6 4.39 52.34 56.73 NOTE
r-release-macos-arm64 1.2-6 NOTE
r-release-macos-x86_64 1.2-6 NOTE
r-release-windows-ix86+x86_64 1.2-6 10.00 82.00 92.00 NOTE
r-oldrel-macos-x86_64 1.2-6 NOTE
r-oldrel-windows-ix86+x86_64 1.2-6 18.00 83.00 101.00 NOTE

Check Details

Version: 1.2-6
Check: package dependencies
Result: NOTE
    Package suggested but not available for checking: 'glmmADMB'
Flavors: r-devel-linux-x86_64-debian-clang, r-devel-linux-x86_64-debian-gcc, r-devel-linux-x86_64-fedora-clang, r-devel-linux-x86_64-fedora-gcc, r-devel-windows-x86_64, r-devel-windows-x86_64-gcc10-UCRT, r-patched-linux-x86_64, r-patched-solaris-x86, r-release-linux-x86_64, r-release-macos-arm64, r-release-macos-x86_64, r-release-windows-ix86+x86_64, r-oldrel-macos-x86_64, r-oldrel-windows-ix86+x86_64