CRAN Package Check Results for Package holiglm

Last updated on 2022-12-09 05:54:08 CET.

Flavor Version Tinstall Tcheck Ttotal Status Flags
r-devel-linux-x86_64-debian-clang 0.2.1 35.54 314.59 350.13 NOTE
r-devel-linux-x86_64-debian-gcc 0.2.1 23.63 219.84 243.47 NOTE
r-devel-linux-x86_64-fedora-clang 0.2.1 431.93 NOTE
r-devel-linux-x86_64-fedora-gcc 0.2.1 433.03 NOTE
r-devel-windows-x86_64 0.2.1 45.00 290.00 335.00 NOTE
r-patched-linux-x86_64 0.2.1 35.10 294.04 329.14 NOTE
r-release-linux-x86_64 0.2.1 34.93 299.40 334.33 NOTE
r-release-macos-arm64 0.2.1 82.00 NOTE
r-release-macos-x86_64 0.2.1 112.00 NOTE
r-release-windows-x86_64 0.2.1 52.00 289.00 341.00 NOTE
r-oldrel-macos-arm64 0.2.1 74.00 NOTE
r-oldrel-macos-x86_64 0.2.1 110.00 NOTE
r-oldrel-windows-ix86+x86_64 0.2.1 73.00 317.00 390.00 NOTE

Check Details

Version: 0.2.1
Check: package dependencies
Result: NOTE
    Package suggested but not available for checking: 'ROI.plugin.mosek'
Flavors: r-devel-linux-x86_64-debian-clang, r-devel-linux-x86_64-debian-gcc, r-devel-linux-x86_64-fedora-clang, r-devel-linux-x86_64-fedora-gcc, r-devel-windows-x86_64, r-patched-linux-x86_64, r-release-linux-x86_64, r-release-macos-arm64, r-release-macos-x86_64, r-release-windows-x86_64, r-oldrel-macos-arm64, r-oldrel-macos-x86_64, r-oldrel-windows-ix86+x86_64