CRAN Package Check Results for Package hsstan

Last updated on 2022-01-23 05:57:54 CET.

Flavor Version Tinstall Tcheck Ttotal Status Flags
r-devel-linux-x86_64-debian-clang 0.8.1 430.96 135.62 566.58 OK
r-devel-linux-x86_64-debian-gcc 0.8.1 394.11 131.78 525.89 OK
r-devel-linux-x86_64-fedora-clang 0.8.1 833.00 NOTE
r-devel-linux-x86_64-fedora-gcc 0.8.1 876.95 NOTE
r-devel-windows-x86_64-new-UL 0.8.1 303.00 261.00 564.00 OK
r-devel-windows-x86_64-new-TK 0.8.1 WARN
r-patched-linux-x86_64 0.8.1 338.33 154.59 492.92 OK
r-release-linux-x86_64 0.8.1 327.34 156.07 483.41 OK
r-release-macos-arm64 0.8.1 NOTE
r-release-macos-x86_64 0.8.1 NOTE
r-release-windows-ix86+x86_64 0.8.1 986.00 416.00 1402.00 NOTE
r-oldrel-macos-x86_64 0.8.1 NOTE
r-oldrel-windows-ix86+x86_64 0.8.1 1003.00 415.00 1418.00 NOTE

Check Details

Version: 0.8.1
Check: installed package size
Result: NOTE
     installed size is 57.4Mb
     sub-directories of 1Mb or more:
     libs 56.9Mb
Flavors: r-devel-linux-x86_64-fedora-clang, r-release-macos-arm64, r-release-macos-x86_64, r-release-windows-ix86+x86_64, r-oldrel-macos-x86_64, r-oldrel-windows-ix86+x86_64

Version: 0.8.1
Check: dependencies in R code
Result: NOTE
    Namespace in Imports field not imported from: ‘RcppParallel’
     All declared Imports should be used.
Flavors: r-devel-linux-x86_64-fedora-clang, r-devel-linux-x86_64-fedora-gcc, r-devel-windows-x86_64-new-TK, r-release-macos-arm64, r-release-macos-x86_64, r-oldrel-macos-x86_64

Version: 0.8.1
Check: for GNU extensions in Makefiles
Result: NOTE
    GNU make is a SystemRequirements.
Flavors: r-devel-linux-x86_64-fedora-clang, r-devel-linux-x86_64-fedora-gcc, r-devel-windows-x86_64-new-TK, r-release-macos-arm64, r-release-macos-x86_64, r-oldrel-macos-x86_64

Version: 0.8.1
Check: line endings in C/C++/Fortran sources/headers
Result: NOTE
    Found the following sources/headers with CR or CRLF line endings:
     src/RcppExports.cpp
     src/stanExports_base0.cc
     src/stanExports_base0.h
     src/stanExports_base0_logit.cc
     src/stanExports_base0_logit.h
     src/stanExports_hs.cc
     src/stanExports_hs.h
     src/stanExports_hs_logit.cc
     src/stanExports_hs_logit.h
    Some Unix compilers require LF line endings.
Flavor: r-devel-windows-x86_64-new-TK

Version: 0.8.1
Check: line endings in Makefiles
Result: WARN
    Found the following Makefile(s) with CR or CRLF line endings:
     src/Makevars
    Some Unix 'make' programs require LF line endings.
Flavor: r-devel-windows-x86_64-new-TK