CRAN Package Check Results for Package humanize

Last updated on 2020-07-15 05:48:06 CEST.

Flavor Version Tinstall Tcheck Ttotal Status Flags
r-devel-linux-x86_64-debian-clang 0.2.0 3.62 32.27 35.89 OK
r-devel-linux-x86_64-debian-gcc 0.2.0 2.86 25.70 28.56 OK
r-devel-linux-x86_64-fedora-clang 0.2.0 52.79 OK
r-devel-linux-x86_64-fedora-gcc 0.2.0 53.76 OK
r-devel-windows-ix86+x86_64 0.2.0 12.00 64.00 76.00 OK
r-patched-linux-x86_64 0.2.0 3.68 32.78 36.46 OK
r-patched-solaris-x86 0.2.0 63.70 OK
r-release-linux-x86_64 0.2.0 3.20 32.42 35.62 OK
r-release-macos-x86_64 0.2.0 ERROR
r-release-windows-ix86+x86_64 0.2.0 10.00 47.00 57.00 OK
r-oldrel-macos-x86_64 0.2.0 OK
r-oldrel-windows-ix86+x86_64 0.2.0 8.00 63.00 71.00 OK

Check Details

Version: 0.2.0
Check: whether package can be installed
Result: ERROR
    Installation failed.
Flavor: r-release-macos-x86_64