CRAN Package Check Results for Package hydroscoper

Last updated on 2022-01-27 05:55:55 CET.

Flavor Version Tinstall Tcheck Ttotal Status Flags
r-devel-linux-x86_64-debian-clang 1.4.1 3.03 46.93 49.96 OK
r-devel-linux-x86_64-debian-gcc 1.4.1 1.74 36.33 38.07 OK
r-devel-linux-x86_64-fedora-clang 1.4.1 60.38 NOTE
r-devel-linux-x86_64-fedora-gcc 1.4.1 49.16 NOTE
r-devel-windows-x86_64-new-UL 1.4.1 54.00 85.00 139.00 OK
r-devel-windows-x86_64-new-TK 1.4.1 NOTE
r-patched-linux-x86_64 1.4.1 2.25 44.42 46.67 OK
r-release-linux-x86_64 1.4.1 1.81 45.11 46.92 OK
r-release-macos-arm64 1.4.1 NOTE
r-release-macos-x86_64 1.4.1 NOTE
r-release-windows-ix86+x86_64 1.4.1 7.00 54.00 61.00 OK
r-oldrel-macos-x86_64 1.4.1 NOTE
r-oldrel-windows-ix86+x86_64 1.4.1 7.00 55.00 62.00 OK

Check Details

Version: 1.4.1
Check: data for non-ASCII characters
Result: NOTE
     Note: found 3026 marked UTF-8 strings
Flavors: r-devel-linux-x86_64-fedora-clang, r-devel-linux-x86_64-fedora-gcc, r-devel-windows-x86_64-new-TK, r-release-macos-arm64, r-release-macos-x86_64, r-oldrel-macos-x86_64