CRAN Package Check Results for Package hydrotoolbox

Last updated on 2022-01-26 05:54:18 CET.

Flavor Version Tinstall Tcheck Ttotal Status Flags
r-devel-linux-x86_64-debian-clang 1.0.1 88.72 153.35 242.07 OK
r-devel-linux-x86_64-debian-gcc 1.0.1 62.30 116.44 178.74 OK
r-devel-linux-x86_64-fedora-clang 1.0.1 326.50 NOTE
r-devel-linux-x86_64-fedora-gcc 1.0.1 293.39 OK
r-devel-windows-x86_64-new-UL 1.0.1 263.00 226.00 489.00 NOTE
r-devel-windows-x86_64-new-TK 1.0.1 OK
r-patched-linux-x86_64 1.0.1 58.57 156.39 214.96 OK
r-release-linux-x86_64 1.0.1 61.55 157.68 219.23 OK
r-release-macos-arm64 1.0.1 NOTE
r-release-macos-x86_64 1.0.1 NOTE
r-release-windows-ix86+x86_64 1.0.1 208.00 299.00 507.00 NOTE
r-oldrel-macos-x86_64 1.0.1 NOTE
r-oldrel-windows-ix86+x86_64 1.0.1 211.00 300.00 511.00 NOTE

Check Details

Version: 1.0.1
Check: installed package size
Result: NOTE
     installed size is 8.5Mb
     sub-directories of 1Mb or more:
     extdata 5.6Mb
     libs 2.1Mb
Flavors: r-devel-linux-x86_64-fedora-clang, r-devel-windows-x86_64-new-UL, r-release-macos-arm64, r-release-macos-x86_64, r-release-windows-ix86+x86_64, r-oldrel-macos-x86_64, r-oldrel-windows-ix86+x86_64